{"id":8430,"date":"2026-03-11T17:54:32","date_gmt":"2026-03-11T15:54:32","guid":{"rendered":"https:\/\/www.pacocinillas.es\/tienda\/?post_type=product&#038;p=8430"},"modified":"2026-03-11T17:56:00","modified_gmt":"2026-03-11T15:56:00","slug":"monolith-two-66","status":"publish","type":"product","link":"https:\/\/www.pacocinillas.es\/tienda\/producto\/monolith-two-66\/","title":{"rendered":"MONOLITH TWO 66"},"content":{"rendered":"<div class=\"wpb-content-wrapper\"><h5><strong>El Kamado Monolith es el Kamado con mayor oferta de accesorios del mercado.\u00a0<\/strong><\/h5>\n<h5><strong>Equipamiento b\u00e1sico INCLUIDO del kamado Monolith TWO .66<\/strong><strong>\u00a0con carro:<br \/>\n<\/strong><\/h5>\n<ul>\n<li>Carro de acero galvanizado con recubrimiento de pintura en polvo, con mesas laterales de madera de bamb\u00fa y ruedas con freno.<img loading=\"lazy\" decoding=\"async\" src=\"https:\/\/slpbarbacoas.com\/img\/cms\/MONOLITH\/TWO\/carro-nuevo-monolith-two-55%20copia.jpg\" alt=\"carro monolith two\" width=\"200\" height=\"198\" \/><\/li>\n<li>Vaso de fuego\/brasero cer\u00e1mico en segmentos.<img loading=\"lazy\" decoding=\"async\" src=\"https:\/\/slpbarbacoas.com\/img\/cms\/MONOLITH\/ICON\/ACCESSORI-KAMADO-3-800x723-1.png\" alt=\"\" width=\"200\" height=\"181\" \/><\/li>\n<li>Aro cer\u00e1mico:<br \/>\nMejora el funcionamiento del Kamado ya que separa las parrillas que se colocan por encima en unos 10 cm. de las brasas.<br \/>\nReparte el peso del vaso cer\u00e1mico.<br \/>\nTiene una apertura que coincide con la del cuerpo del kamado y permite introducir virutas para ahumar sin necesidad de abrir.<br \/>\n<img loading=\"lazy\" decoding=\"async\" src=\"https:\/\/slpbarbacoas.com\/img\/cms\/MONOLITH\/LeChef\/201052-C-Classic-Feuer-Ring-WEB-1.jpg\" alt=\"\" width=\"300\" height=\"200\" \/><\/li>\n<li>Cesto de acero inoxidable para el carb\u00f3n:<br \/>\nCon el cesto para el carb\u00f3n, el flujo de aire, dentro del vaso cer\u00e1mico, mejora considerablemente. Gracias a sus pr\u00e1cticas asas, se puede quitar f\u00e1cilmente para poder limpiar mejor la Monolith.<br \/>\n<img loading=\"lazy\" decoding=\"async\" src=\"https:\/\/slpbarbacoas.com\/img\/cms\/MONOLITH\/LeChef\/ACCESSORI-KAMADO-13-800x800.png\" alt=\"\" width=\"200\" height=\"200\" \/><\/li>\n<li>Deflector cer\u00e1mico para cocci\u00f3n indirecta en dos piezas sobre estructura de acero inoxidable que permite diferentes alturas.<br \/>\nGracias al dise\u00f1o de dos piezas en forma de media luna del deflector, bandeja recogegrasa y parrilla,\u00a0se pueden configurar\u00a0dos zonas de temperatura diferentes en el kamado y cocciones diferentes. Con las piedras deflectoras las posibilidades de cocci\u00f3n directa e indirecta aumentan.<img loading=\"lazy\" decoding=\"async\" src=\"https:\/\/slpbarbacoas.com\/img\/cms\/MONOLITH\/LeChef\/ACCESSORI-KAMADO-2-800x800.png\" alt=\"\" width=\"200\" height=\"200\" \/><img loading=\"lazy\" decoding=\"async\" src=\"https:\/\/slpbarbacoas.com\/img\/cms\/MONOLITH\/LeChef\/ACCESSORI-KAMADO-22-800x800.png\" alt=\"\" width=\"200\" height=\"200\" \/><img loading=\"lazy\" decoding=\"async\" src=\"https:\/\/slpbarbacoas.com\/img\/cms\/MONOLITH\/LeChef\/monolith-kamado-sgs-ring.jpg\" alt=\"\" width=\"200\" height=\"200\" \/><img loading=\"lazy\" decoding=\"async\" src=\"https:\/\/slpbarbacoas.com\/img\/cms\/MONOLITH\/ICON\/ACCESSORI-KAMADO-21-800x800.png\" alt=\"Parrilla media luna\" width=\"200\" height=\"200\" \/><img loading=\"lazy\" decoding=\"async\" src=\"https:\/\/slpbarbacoas.com\/img\/cms\/MONOLITH\/LeChef\/ACCESSORI-KAMADO-11-800x800.png\" alt=\"\" width=\"200\" height=\"200\" \/><img loading=\"lazy\" decoding=\"async\" src=\"https:\/\/slpbarbacoas.com\/img\/cms\/MONOLITH\/LeChef\/COTTURA-MISTA-DIRETTA-INDIRETTA-800x800.jpg\" alt=\"\" width=\"200\" height=\"200\" \/><\/li>\n<li>Accesorios para ahumado. Sistema de alimentaci\u00f3n de virutas de madera para ahumar sin necesidad de abrir el Kamado.<img loading=\"lazy\" decoding=\"async\" src=\"https:\/\/slpbarbacoas.com\/img\/cms\/MONOLITH\/LeChef\/ACCESSORI-KAMADO-800x534.png\" alt=\"\" width=\"200\" height=\"134\" \/><img loading=\"lazy\" decoding=\"async\" src=\"https:\/\/slpbarbacoas.com\/img\/cms\/MONOLITH\/LeChef\/Zubehoer_RaeucherschieneSchieber.jpg\" alt=\"\" width=\"200\" height=\"133\" \/><\/li>\n<li>Recogedor para quitar cenizas.<br \/>\n<img loading=\"lazy\" decoding=\"async\" src=\"https:\/\/slpbarbacoas.com\/img\/cms\/MONOLITH\/ICON\/ACCESSORI-KAMADO-20-800x533.png\" alt=\"\" width=\"200\" height=\"133\" \/><\/li>\n<li>Herramienta para quitar las parrillas.<br \/>\n<img loading=\"lazy\" decoding=\"async\" src=\"https:\/\/slpbarbacoas.com\/img\/cms\/MONOLITH\/ICON\/ACCESSORI-KAMADO-14-800x800-1.png\" alt=\"\" width=\"200\" height=\"200\" \/><\/li>\n<li>Mesas laterales de madera de bamb\u00fa<br \/>\n<img loading=\"lazy\" decoding=\"async\" src=\"https:\/\/slpbarbacoas.com\/img\/cms\/MONOLITH\/TWO\/mesas-laterales-monolith-two-55.jpg\" alt=\"mesas bambu\" width=\"200\" height=\"200\" \/><\/li>\n<li>Term\u00f3metro incluido en la tapa.<br \/>\n<img loading=\"lazy\" decoding=\"async\" src=\"https:\/\/slpbarbacoas.com\/img\/cms\/MONOLITH\/Classic\/201057-C-Classic-Thermometer-WEB-1.jpg\" alt=\"\" width=\"200\" height=\"133\" \/><\/li>\n<li>Nueva v\u00e1lvula Serie Pro 2.0 y rejilla recogecenizas, ambas de hierro fundido.<\/li>\n<\/ul>\n<p><img loading=\"lazy\" decoding=\"async\" src=\"https:\/\/slpbarbacoas.com\/img\/cms\/MONOLITH\/Classic\/101069-valvula-superior-classic-lechef-lowres.jpg\" alt=\"101069-valvula-superior-classic-lechef-lowres.jpg\" width=\"200\" height=\"133\" \/><img loading=\"lazy\" decoding=\"async\" src=\"https:\/\/slpbarbacoas.com\/img\/cms\/MONOLITH\/LeChef\/Kohlerost-Classic-800x533.jpg\" alt=\"\" width=\"200\" height=\"133\" \/>[\/vc_column_text][\/vc_column][\/vc_row]<\/p>\n<\/div>","protected":false},"excerpt":{"rendered":"<p><strong>Actualizaci\u00f3n de dise\u00f1o:\u00a0el nuevo carro<\/strong>\u00a0combina est\u00e9tica y funcionalidad. Ofrece la m\u00e1xima estabilidad, es resistente a la intemperie y especialmente f\u00e1cil de usar gracias a detalles bien pensados como zonas de almacenamiento con numerosos ganchos para herramientas de barbacoa y ruedas de marcha suave.<\/p>\n<p><strong>Las mesas auxiliares de bamb\u00fa claro contrastan con el acero negro mate.\u00a0<\/strong><\/p>\n<p><strong>En la serie TWO se mantienen todos los aspectos destacados de MONOLITH:<\/strong>\u00a0la cer\u00e1mica de silicato MONOLITH, las correas tensoras y la bisagra de acero inoxidable de alta calidad, el sistema de sellado de fibra de vidrio de acero inoxidable que no requiere mantenimiento, el sistema de alimentaci\u00f3n de virutas y el exclusivo Smart Grid System se incluyen de serie.<\/p>\n","protected":false},"featured_media":8427,"comment_status":"closed","ping_status":"closed","template":"","meta":[],"product_brand":[],"product_cat":[152],"product_tag":[],"class_list":{"0":"post-8430","1":"product","2":"type-product","3":"status-publish","4":"has-post-thumbnail","6":"product_cat-lechef66","8":"first","9":"instock","10":"taxable","11":"shipping-taxable","12":"purchasable","13":"product-type-simple"},"_links":{"self":[{"href":"https:\/\/www.pacocinillas.es\/tienda\/wp-json\/wp\/v2\/product\/8430","targetHints":{"allow":["GET"]}}],"collection":[{"href":"https:\/\/www.pacocinillas.es\/tienda\/wp-json\/wp\/v2\/product"}],"about":[{"href":"https:\/\/www.pacocinillas.es\/tienda\/wp-json\/wp\/v2\/types\/product"}],"replies":[{"embeddable":true,"href":"https:\/\/www.pacocinillas.es\/tienda\/wp-json\/wp\/v2\/comments?post=8430"}],"wp:featuredmedia":[{"embeddable":true,"href":"https:\/\/www.pacocinillas.es\/tienda\/wp-json\/wp\/v2\/media\/8427"}],"wp:attachment":[{"href":"https:\/\/www.pacocinillas.es\/tienda\/wp-json\/wp\/v2\/media?parent=8430"}],"wp:term":[{"taxonomy":"product_brand","embeddable":true,"href":"https:\/\/www.pacocinillas.es\/tienda\/wp-json\/wp\/v2\/product_brand?post=8430"},{"taxonomy":"product_cat","embeddable":true,"href":"https:\/\/www.pacocinillas.es\/tienda\/wp-json\/wp\/v2\/product_cat?post=8430"},{"taxonomy":"product_tag","embeddable":true,"href":"https:\/\/www.pacocinillas.es\/tienda\/wp-json\/wp\/v2\/product_tag?post=8430"}],"curies":[{"name":"wp","href":"https:\/\/api.w.org\/{rel}","templated":true}]}}