{"id":8247,"date":"2026-01-13T17:10:54","date_gmt":"2026-01-13T15:10:54","guid":{"rendered":"https:\/\/www.pacocinillas.es\/tienda\/?post_type=product&#038;p=8247"},"modified":"2026-01-13T19:01:16","modified_gmt":"2026-01-13T17:01:16","slug":"the-bastard-carbon-roble-europeo-10kg","status":"publish","type":"product","link":"https:\/\/www.pacocinillas.es\/tienda\/producto\/the-bastard-carbon-roble-europeo-10kg\/","title":{"rendered":"The Bastard Carb\u00f3n Roble Europeo 10kg"},"content":{"rendered":"","protected":false},"excerpt":{"rendered":"<p class=\"p1\">Carb\u00f3n premium especialmente dise\u00f1ado para kamados, elaborado con piezas grandes y medianas de carb\u00f3n 100 % natural. Fabricado a partir de <span class=\"s1\"><b>robles europeos<\/b><\/span>, ofrece una combusti\u00f3n larga y uniforme, con un excelente poder calor\u00edfico y un aut\u00e9ntico sabor a le\u00f1a.<\/p>\n<p class=\"p1\">Formato <span class=\"s1\"><b>10 kg<\/b><\/span>, ideal para disfrutar de largas sesiones de cocinado con un rendimiento superior.<\/p>\n","protected":false},"featured_media":8248,"comment_status":"closed","ping_status":"closed","template":"","meta":[],"product_brand":[],"product_cat":[156,134,161],"product_tag":[],"class_list":{"0":"post-8247","1":"product","2":"type-product","3":"status-publish","4":"has-post-thumbnail","6":"product_cat-accesoriosbastard","7":"product_cat-bastard","8":"product_cat-carbon-bastard","10":"first","11":"instock","12":"taxable","13":"shipping-taxable","14":"purchasable","15":"product-type-simple"},"_links":{"self":[{"href":"https:\/\/www.pacocinillas.es\/tienda\/wp-json\/wp\/v2\/product\/8247","targetHints":{"allow":["GET"]}}],"collection":[{"href":"https:\/\/www.pacocinillas.es\/tienda\/wp-json\/wp\/v2\/product"}],"about":[{"href":"https:\/\/www.pacocinillas.es\/tienda\/wp-json\/wp\/v2\/types\/product"}],"replies":[{"embeddable":true,"href":"https:\/\/www.pacocinillas.es\/tienda\/wp-json\/wp\/v2\/comments?post=8247"}],"wp:featuredmedia":[{"embeddable":true,"href":"https:\/\/www.pacocinillas.es\/tienda\/wp-json\/wp\/v2\/media\/8248"}],"wp:attachment":[{"href":"https:\/\/www.pacocinillas.es\/tienda\/wp-json\/wp\/v2\/media?parent=8247"}],"wp:term":[{"taxonomy":"product_brand","embeddable":true,"href":"https:\/\/www.pacocinillas.es\/tienda\/wp-json\/wp\/v2\/product_brand?post=8247"},{"taxonomy":"product_cat","embeddable":true,"href":"https:\/\/www.pacocinillas.es\/tienda\/wp-json\/wp\/v2\/product_cat?post=8247"},{"taxonomy":"product_tag","embeddable":true,"href":"https:\/\/www.pacocinillas.es\/tienda\/wp-json\/wp\/v2\/product_tag?post=8247"}],"curies":[{"name":"wp","href":"https:\/\/api.w.org\/{rel}","templated":true}]}}