{"id":8238,"date":"2026-01-13T17:01:14","date_gmt":"2026-01-13T15:01:14","guid":{"rendered":"https:\/\/www.pacocinillas.es\/tienda\/?post_type=product&#038;p=8238"},"modified":"2026-01-13T19:02:13","modified_gmt":"2026-01-13T17:02:13","slug":"the-bastard-carbon-10kg-quebracho-blanco-paraguay","status":"publish","type":"product","link":"https:\/\/www.pacocinillas.es\/tienda\/producto\/the-bastard-carbon-10kg-quebracho-blanco-paraguay\/","title":{"rendered":"The Bastard Carb\u00f3n Quebracho Blanco Paraguay 10kg"},"content":{"rendered":"","protected":false},"excerpt":{"rendered":"<p class=\"p1\">El carb\u00f3n <span class=\"s1\"><b>The Bastard<\/b><\/span> es la elecci\u00f3n ideal para quienes buscan el m\u00e1ximo rendimiento en su kamado. Elaborado con una selecci\u00f3n premium de piezas grandes y medianas de carb\u00f3n 100 % natural, ofrece una combusti\u00f3n potente, uniforme y fiable.<\/p>\n<p class=\"p1\">Fabricado a partir de madera de <span class=\"s1\"><b>quebracho paraguayo<\/b><\/span>, este carb\u00f3n destaca por su larga duraci\u00f3n y su excelente estabilidad al fuego, aportando adem\u00e1s un sabor aut\u00e9ntico a le\u00f1a que realza cada elaboraci\u00f3n y convierte cada cocinado en una experiencia \u00fanica.<\/p>\n","protected":false},"featured_media":8239,"comment_status":"closed","ping_status":"closed","template":"","meta":[],"product_brand":[],"product_cat":[156,134,161],"product_tag":[],"class_list":{"0":"post-8238","1":"product","2":"type-product","3":"status-publish","4":"has-post-thumbnail","6":"product_cat-accesoriosbastard","7":"product_cat-bastard","8":"product_cat-carbon-bastard","10":"first","11":"instock","12":"taxable","13":"shipping-taxable","14":"purchasable","15":"product-type-simple"},"_links":{"self":[{"href":"https:\/\/www.pacocinillas.es\/tienda\/wp-json\/wp\/v2\/product\/8238","targetHints":{"allow":["GET"]}}],"collection":[{"href":"https:\/\/www.pacocinillas.es\/tienda\/wp-json\/wp\/v2\/product"}],"about":[{"href":"https:\/\/www.pacocinillas.es\/tienda\/wp-json\/wp\/v2\/types\/product"}],"replies":[{"embeddable":true,"href":"https:\/\/www.pacocinillas.es\/tienda\/wp-json\/wp\/v2\/comments?post=8238"}],"wp:featuredmedia":[{"embeddable":true,"href":"https:\/\/www.pacocinillas.es\/tienda\/wp-json\/wp\/v2\/media\/8239"}],"wp:attachment":[{"href":"https:\/\/www.pacocinillas.es\/tienda\/wp-json\/wp\/v2\/media?parent=8238"}],"wp:term":[{"taxonomy":"product_brand","embeddable":true,"href":"https:\/\/www.pacocinillas.es\/tienda\/wp-json\/wp\/v2\/product_brand?post=8238"},{"taxonomy":"product_cat","embeddable":true,"href":"https:\/\/www.pacocinillas.es\/tienda\/wp-json\/wp\/v2\/product_cat?post=8238"},{"taxonomy":"product_tag","embeddable":true,"href":"https:\/\/www.pacocinillas.es\/tienda\/wp-json\/wp\/v2\/product_tag?post=8238"}],"curies":[{"name":"wp","href":"https:\/\/api.w.org\/{rel}","templated":true}]}}