{"id":8165,"date":"2020-07-24T18:16:51","date_gmt":"2020-07-24T16:16:51","guid":{"rendered":"https:\/\/www.pacocinillas.es\/tienda\/?post_type=product&#038;p=8165"},"modified":"2026-01-01T18:24:19","modified_gmt":"2026-01-01T16:24:19","slug":"juego-de-sartenes-de-media-luna-karbon-steel","status":"publish","type":"product","link":"https:\/\/www.pacocinillas.es\/tienda\/producto\/juego-de-sartenes-de-media-luna-karbon-steel\/","title":{"rendered":"Juego de sartenes de media luna Karbon Steel\u2122"},"content":{"rendered":"<div class=\"wpb-content-wrapper\"><p>[vc_row][vc_column][vc_column_text css=\u00bb\u00bb]<\/p>\n<h2 class=\"text-grey0900 font-semibold text-h4 mb-8 uppercase\">Caracter\u00edsticas<\/h2>\n<ul class=\"c-description-box__list list-disc ml-6\">\n<li class=\"pr-8 mb-2\">Juego de sartenes Half-Moon de acero al carbono antiadherente pre-curado<\/li>\n<li class=\"pr-8 mb-2\">Incluye una sart\u00e9n perforada para contacto directo con la llama, y una sart\u00e9n s\u00f3lida para asar y gratinar (u hornear)<\/li>\n<li class=\"pr-8 mb-2\">Mangos de acero inoxidable para servir f\u00e1cilmente<\/li>\n<li class=\"pr-8 mb-2\">El acero al carbono es tan vers\u00e1til como el acero inoxidable y tan conductor como el hierro fundido<\/li>\n<li class=\"pr-8 mb-2\">Util\u00edzalo con el Sistema de Cocci\u00f3n Flexible Divide &amp; Conquer de 2 niveles para cocinar diferentes alimentos a varias temperaturas<\/li>\n<\/ul>\n<p>[\/vc_column_text][vc_single_image image=\u00bb8167&#8243; alignment=\u00bbcenter\u00bb onclick=\u00bbimg_link_large\u00bb css=\u00bb\u00bb][vc_single_image image=\u00bb8168&#8243; alignment=\u00bbcenter\u00bb onclick=\u00bbimg_link_large\u00bb css=\u00bb\u00bb][\/vc_column][\/vc_row]<\/p>\n<\/div>","protected":false},"excerpt":{"rendered":"<p>[vc_row][vc_column][vc_column_text css=\u00bb\u00bb] Caracter\u00edsticas Juego de sartenes Half-Moon de acero al carbono antiadherente pre-curado Incluye una sart\u00e9n perforada para contacto directo con la llama, y una sart\u00e9n s\u00f3lida para asar y gratinar (u hornear) Mangos de acero inoxidable para servir f\u00e1cilmente El acero al carbono es tan vers\u00e1til como el acero inoxidable y tan conductor como [&hellip;]<\/p>\n","protected":false},"featured_media":8166,"comment_status":"closed","ping_status":"closed","template":"","meta":[],"product_brand":[],"product_cat":[72,151,43],"product_tag":[],"class_list":{"0":"post-8165","1":"product","2":"type-product","3":"status-publish","4":"has-post-thumbnail","6":"product_cat-accesorios","7":"product_cat-accesoriosjoe","8":"product_cat-kamadojoe","10":"first","11":"instock","12":"taxable","13":"shipping-taxable","14":"purchasable","15":"product-type-simple"},"_links":{"self":[{"href":"https:\/\/www.pacocinillas.es\/tienda\/wp-json\/wp\/v2\/product\/8165","targetHints":{"allow":["GET"]}}],"collection":[{"href":"https:\/\/www.pacocinillas.es\/tienda\/wp-json\/wp\/v2\/product"}],"about":[{"href":"https:\/\/www.pacocinillas.es\/tienda\/wp-json\/wp\/v2\/types\/product"}],"replies":[{"embeddable":true,"href":"https:\/\/www.pacocinillas.es\/tienda\/wp-json\/wp\/v2\/comments?post=8165"}],"wp:featuredmedia":[{"embeddable":true,"href":"https:\/\/www.pacocinillas.es\/tienda\/wp-json\/wp\/v2\/media\/8166"}],"wp:attachment":[{"href":"https:\/\/www.pacocinillas.es\/tienda\/wp-json\/wp\/v2\/media?parent=8165"}],"wp:term":[{"taxonomy":"product_brand","embeddable":true,"href":"https:\/\/www.pacocinillas.es\/tienda\/wp-json\/wp\/v2\/product_brand?post=8165"},{"taxonomy":"product_cat","embeddable":true,"href":"https:\/\/www.pacocinillas.es\/tienda\/wp-json\/wp\/v2\/product_cat?post=8165"},{"taxonomy":"product_tag","embeddable":true,"href":"https:\/\/www.pacocinillas.es\/tienda\/wp-json\/wp\/v2\/product_tag?post=8165"}],"curies":[{"name":"wp","href":"https:\/\/api.w.org\/{rel}","templated":true}]}}