{"id":7826,"date":"2025-04-15T23:15:55","date_gmt":"2025-04-15T21:15:55","guid":{"rendered":"https:\/\/www.pacocinillas.es\/tienda\/?post_type=product&#038;p=7826"},"modified":"2025-04-23T18:54:08","modified_gmt":"2025-04-23T16:54:08","slug":"napoleon-rogue-pro-s-425-rsib-inox","status":"publish","type":"product","link":"https:\/\/www.pacocinillas.es\/tienda\/producto\/napoleon-rogue-pro-s-425-rsib-inox\/","title":{"rendered":"NAPOLEON ROGUE PRO-S 425 RSIB Inox"},"content":{"rendered":"<div class=\"wpb-content-wrapper\"><p>[vc_row][vc_column width=\u00bb1\/2&#8243;][vc_column_text css=\u00bb\u00bb]<\/p>\n<h3 class=\"title hide-item-on-mobile\">Caracter\u00edsticas<\/h3>\n<div class=\"inner-wrapper open\" data-max-height=\"360px\" data-fade=\"true\" data-height=\"448px\">\n<div class=\"clearfix text-formatted field field--name-field-summary-features field--type-text field--label-hidden field__items\">\n<ul>\n<li class=\"field__item\">20.7 kW<\/li>\n<li class=\"field__item\">3 quemadores principales de acero inoxidable<\/li>\n<li class=\"field__item\">4574 cm\u00b2 de superficie total de cocci\u00f3n<\/li>\n<li class=\"field__item\">Superficie de cocci\u00f3n principal: 60 x 46 cm<\/li>\n<li class=\"field__item\">Rejillas de hierro fundido porcel\u00e1nico<\/li>\n<li class=\"field__item\">Quemador lateral infrarrojo SIZZLE ZONE\u2122<\/li>\n<li class=\"field__item\">Perillas SafetyGlow\u2122<\/li>\n<li class=\"field__item\">Encendido inmediato JETFIRE\u2122<\/li>\n<li class=\"field__item\">Quemador trasero infrarrojo del rostizador<\/li>\n<li class=\"field__item\">Control preciso de la temperatura<\/li>\n<li class=\"field__item\">Term\u00f3metro ACCU-PROBE\u2122 con amplitud para ahumar y sellar<\/li>\n<li class=\"field__item\">Elegante tapa superior alta<\/li>\n<li class=\"field__item\">Placas de sellado de acero inoxidable de dos niveles<\/li>\n<li class=\"field__item\">Ruedas giratorias con bloqueo<\/li>\n<li class=\"field__item\">Abridor botellas integrado<\/li>\n<\/ul>\n<div><\/div>\n<\/div>\n<\/div>\n<p class=\"p1\">Equipada con encendido sin bater\u00edas, perillas ergon\u00f3micas iluminadas, estante lateral plegable y ruedas con bloqueo, combina comodidad, seguridad y estilo. Es la opci\u00f3n ideal para quienes buscan elevar su experiencia al aire libre con eficiencia y elegancia.<\/p>\n<p>[\/vc_column_text][\/vc_column][vc_column width=\u00bb1\/2&#8243;][vc_single_image image=\u00bb7825&#8243; img_size=\u00bbmedium\u00bb alignment=\u00bbright\u00bb css=\u00bb\u00bb][\/vc_column][\/vc_row][vc_row][vc_column][vc_video link=\u00bbhttps:\/\/www.youtube.com\/watch?v=DYNjEF1wBQ8&#8243; align=\u00bbcenter\u00bb css=\u00bb\u00bb][\/vc_column][\/vc_row][vc_row][vc_column][vc_single_image image=\u00bb7831&#8243; img_size=\u00bbfull\u00bb alignment=\u00bbcenter\u00bb css=\u00bb\u00bb][\/vc_column][\/vc_row]<\/p>\n<\/div>","protected":false},"excerpt":{"rendered":"<p class=\"p1\">La barbacoa de gas propano NAPOLEON Rogue\u00ae PRO-S 425 Inox ofrece una experiencia de cocci\u00f3n pr\u00e9mium con un dise\u00f1o sofisticado y funcional. Incorpora un quemador trasero infrarrojo para el rostizador y un quemador lateral ideal para sellar carnes o preparar guarniciones con calidad profesional. Sus rejillas WAVE\u2122 distribuyen el calor de forma uniforme, mientras que las placas de sellado de doble nivel ayudan a mantenerla limpia.<\/p>\n<p><strong>Acabado en acero inoxidable.<\/strong><\/p>\n","protected":false},"featured_media":7827,"comment_status":"closed","ping_status":"closed","template":"","meta":[],"product_brand":[],"product_cat":[145],"product_tag":[],"class_list":{"0":"post-7826","1":"product","2":"type-product","3":"status-publish","4":"has-post-thumbnail","6":"product_cat-napoleonrogue","8":"first","9":"outofstock","10":"taxable","11":"shipping-taxable","12":"purchasable","13":"product-type-simple"},"_links":{"self":[{"href":"https:\/\/www.pacocinillas.es\/tienda\/wp-json\/wp\/v2\/product\/7826","targetHints":{"allow":["GET"]}}],"collection":[{"href":"https:\/\/www.pacocinillas.es\/tienda\/wp-json\/wp\/v2\/product"}],"about":[{"href":"https:\/\/www.pacocinillas.es\/tienda\/wp-json\/wp\/v2\/types\/product"}],"replies":[{"embeddable":true,"href":"https:\/\/www.pacocinillas.es\/tienda\/wp-json\/wp\/v2\/comments?post=7826"}],"wp:featuredmedia":[{"embeddable":true,"href":"https:\/\/www.pacocinillas.es\/tienda\/wp-json\/wp\/v2\/media\/7827"}],"wp:attachment":[{"href":"https:\/\/www.pacocinillas.es\/tienda\/wp-json\/wp\/v2\/media?parent=7826"}],"wp:term":[{"taxonomy":"product_brand","embeddable":true,"href":"https:\/\/www.pacocinillas.es\/tienda\/wp-json\/wp\/v2\/product_brand?post=7826"},{"taxonomy":"product_cat","embeddable":true,"href":"https:\/\/www.pacocinillas.es\/tienda\/wp-json\/wp\/v2\/product_cat?post=7826"},{"taxonomy":"product_tag","embeddable":true,"href":"https:\/\/www.pacocinillas.es\/tienda\/wp-json\/wp\/v2\/product_tag?post=7826"}],"curies":[{"name":"wp","href":"https:\/\/api.w.org\/{rel}","templated":true}]}}