{"id":7818,"date":"2023-04-13T11:19:02","date_gmt":"2023-04-13T09:19:02","guid":{"rendered":"https:\/\/www.pacocinillas.es\/tienda\/?post_type=product&#038;p=7818"},"modified":"2025-04-15T14:40:13","modified_gmt":"2025-04-15T12:40:13","slug":"napoleon-prestige-pro-665-rsib-2","status":"publish","type":"product","link":"https:\/\/www.pacocinillas.es\/tienda\/producto\/napoleon-prestige-pro-665-rsib-2\/","title":{"rendered":"NAPOLEON PRESTIGE PRO\u2122 665 RSIB"},"content":{"rendered":"<div class=\"wpb-content-wrapper\"><p>[vc_row][vc_column][vc_video link=\u00bbhttps:\/\/www.youtube.com\/watch?v=AeDbA7dZAOc\u00bb align=\u00bbcenter\u00bb][vc_column_text css=\u00bb\u00bb]<\/p>\n<p class=\"p1\">Haz de cada barbacoa un espect\u00e1culo con la Prestige PRO\u2122 665 de Napoleon. Esta parrilla de gas propano lo tiene todo para transformar tu patio en una aut\u00e9ntica cocina profesional al aire libre. Equipada con potentes quemadores infrarrojos traseros y laterales, y con detalles que no encontrar\u00e1s en la mayor\u00eda de las parrillas, est\u00e1 dise\u00f1ada para impresionar tanto por dentro como por fuera.<\/p>\n<p class=\"p3\">Disfruta de una retenci\u00f3n de calor excepcional que ofrece un rendimiento similar al de un horno y un sellado de nivel gourmet. Las exclusivas rejillas WAVE\u2122 de acero inoxidable no solo garantizan una cocci\u00f3n uniforme, sino que tambi\u00e9n dejan esas marcas de sellado inconfundibles que distinguen a un asador de verdad. Adem\u00e1s, gracias a la bandeja para ahumar integrada y su quemador especial, puedes a\u00f1adir un toque ahumado irresistible a tus platos favoritos.<\/p>\n<p class=\"p3\">Por fuera, su acabado en acero inoxidable brillante y detalles en cromo aportan elegancia y resistencia a cualquier entorno. Y por dentro, cada componente \u2013rejillas, quemadores de tubo, placas de sellado y lavabo\u2013 est\u00e1 fabricado con el mismo acero inoxidable de alta calidad, asegurando durabilidad, potencia y facilidad de limpieza.<\/p>\n<p class=\"p3\">Sus perillas de control NIGHT LIGHT\u2122 con iluminaci\u00f3n LED Spectrum permiten elegir entre una amplia gama de colores para crear el ambiente perfecto por la noche. Y para mayor seguridad, se iluminan en rojo cuando el gas est\u00e1 activado. Adem\u00e1s, con el sistema de encendido por proximidad sabr\u00e1s en todo momento qu\u00e9 quemadores est\u00e1n funcionando, ideal para sellar a la perfecci\u00f3n o cocinar a fuego indirecto sin complicaciones.<\/p>\n<p class=\"p3\">Prestige PRO\u2122 665 no es solo una parrilla, es una declaraci\u00f3n de estilo, potencia y pasi\u00f3n por la cocina al aire libre.<\/p>\n<p>[\/vc_column_text][vc_column_text css=\u00bb\u00bb]<\/p>\n<ul>\n<li class=\"field__item\">99.000 BTU<\/li>\n<li class=\"field__item\">5 quemadores principales de acero inoxidable<\/li>\n<li class=\"field__item\">1140 in\u00b2 de superficie total de cocci\u00f3n<\/li>\n<li class=\"field__item\">Perillas NIGHT LIGHT\u2122 de RGB Spectrum con SafetyGlow<\/li>\n<li class=\"field__item\">Quemador lateral infrarrojo SIZZLE ZONE\u2122 grande<\/li>\n<li class=\"field__item\">Tapa superior deslizante LIFT EASE\u2122<\/li>\n<li class=\"field__item\">Quemador trasero infrarrojo del rostizador<\/li>\n<li class=\"field__item\">Placas de sellado de acero inoxidable de dos niveles<\/li>\n<li class=\"field__item\">Luces del interior de la parrilla<\/li>\n<li class=\"field__item\">Bandeja integrada para quemar astillas de madera<\/li>\n<li class=\"field__item\">Encendido inmediato JETFIRE\u2122<\/li>\n<li class=\"field__item\">Iluminaci\u00f3n por proximidad con el logotipo de Napoleon<\/li>\n<\/ul>\n<p>[\/vc_column_text][\/vc_column][\/vc_row][vc_row][vc_column width=\u00bb1\/4&#8243;][\/vc_column][vc_column width=\u00bb1\/4&#8243;][vc_btn title=\u00bbMANUAL\u00bb color=\u00bbjuicy-pink\u00bb link=\u00bburl:https%3A%2F%2Fwww.napoleon.com%2Fsites%2Fdefault%2Ffiles%2Fproducts%2FPrestige%2520Pro%2520Series%2520500_665_825%2520CE-ES.pdf|target:_blank\u00bb][\/vc_column][vc_column width=\u00bb1\/4&#8243;][vc_btn title=\u00bbGU\u00cdA DE ENSAMBLAJE\u00bb color=\u00bbblack\u00bb link=\u00bburl:https%3A%2F%2Fwww.napoleon.com%2Fsites%2Fdefault%2Ffiles%2Fproducts%2FPrestige%2520PRO%2520825%2520665%2520Assembly%2520Guide.pdf|target:_blank\u00bb][\/vc_column][vc_column width=\u00bb1\/4&#8243;][\/vc_column][\/vc_row][vc_row][vc_column][vc_video link=\u00bbhttps:\/\/www.youtube.com\/watch?v=HeQBp-Bln_E\u00bb align=\u00bbcenter\u00bb title=\u00bbV\u00eddeo de ensamblaje\u00bb][\/vc_column][\/vc_row][vc_row][vc_column][vc_single_image image=\u00bb7824&#8243; alignment=\u00bbcenter\u00bb css=\u00bb\u00bb][\/vc_column][\/vc_row]<\/p>\n<\/div>","protected":false},"excerpt":{"rendered":"<p>La NAPOLEON PRESTIGE PRO\u2122 665 RSBI cuenta con 8 quemadores y los quemadores laterales y traseros son infrarrojos.<\/p>\n<p>Tipo de combustible: PROPANO<\/p>\n","protected":false},"featured_media":7819,"comment_status":"closed","ping_status":"closed","template":"","meta":[],"product_brand":[],"product_cat":[118,143],"product_tag":[],"class_list":{"0":"post-7818","1":"product","2":"type-product","3":"status-publish","4":"has-post-thumbnail","6":"product_cat-napoleon","7":"product_cat-napoleonprestigepro","9":"first","10":"instock","11":"taxable","12":"shipping-taxable","13":"purchasable","14":"product-type-simple"},"_links":{"self":[{"href":"https:\/\/www.pacocinillas.es\/tienda\/wp-json\/wp\/v2\/product\/7818","targetHints":{"allow":["GET"]}}],"collection":[{"href":"https:\/\/www.pacocinillas.es\/tienda\/wp-json\/wp\/v2\/product"}],"about":[{"href":"https:\/\/www.pacocinillas.es\/tienda\/wp-json\/wp\/v2\/types\/product"}],"replies":[{"embeddable":true,"href":"https:\/\/www.pacocinillas.es\/tienda\/wp-json\/wp\/v2\/comments?post=7818"}],"wp:featuredmedia":[{"embeddable":true,"href":"https:\/\/www.pacocinillas.es\/tienda\/wp-json\/wp\/v2\/media\/7819"}],"wp:attachment":[{"href":"https:\/\/www.pacocinillas.es\/tienda\/wp-json\/wp\/v2\/media?parent=7818"}],"wp:term":[{"taxonomy":"product_brand","embeddable":true,"href":"https:\/\/www.pacocinillas.es\/tienda\/wp-json\/wp\/v2\/product_brand?post=7818"},{"taxonomy":"product_cat","embeddable":true,"href":"https:\/\/www.pacocinillas.es\/tienda\/wp-json\/wp\/v2\/product_cat?post=7818"},{"taxonomy":"product_tag","embeddable":true,"href":"https:\/\/www.pacocinillas.es\/tienda\/wp-json\/wp\/v2\/product_tag?post=7818"}],"curies":[{"name":"wp","href":"https:\/\/api.w.org\/{rel}","templated":true}]}}