{"id":7719,"date":"2020-09-07T22:41:36","date_gmt":"2020-09-07T20:41:36","guid":{"rendered":"https:\/\/www.pacocinillas.es\/tienda\/?post_type=product&#038;p=7719"},"modified":"2025-12-31T21:31:47","modified_gmt":"2025-12-31T19:31:47","slug":"funda-gravity-series-1050","status":"publish","type":"product","link":"https:\/\/www.pacocinillas.es\/tienda\/producto\/funda-gravity-series-1050\/","title":{"rendered":"Funda Gravity Series 1050 y XT"},"content":{"rendered":"<div class=\"wpb-content-wrapper\"><p>[vc_row][vc_column][vc_column_text css=\u00bb\u00bb]<\/p>\n<h2 class=\"text-grey-900 font-bold text-h4 mb-6\">Funda para parrilla de carb\u00f3n y ahumador digital grande<\/h2>\n<ul class=\"c-description-box__list list-disc ml-6\">\n<li class=\"text-grey-900 opacity-90\">Las costuras durables y de doble zurcido evitan las fugas, haciendo que su parrilla se vea como nueva y protegi\u00e9ndola de los elementos<\/li>\n<li class=\"text-grey-900 opacity-90\">Revestimiento interior de PVC a\u00f1adido que evita los desgarros cuando se coloca o retira la cubierta de la parrilla<\/li>\n<li class=\"text-grey-900 opacity-90\">Cord\u00f3n ajustable para mantener a la parrilla en su lugar cuando est\u00e1 cubierta<\/li>\n<li class=\"text-grey-900 opacity-90\">Compatible con la parrilla + ahumador de carb\u00f3n digital de la serie Gravity XT (MB20043024)<\/li>\n<li class=\"text-grey-900 opacity-90\">Compatible con la parrilla + ahumador de carb\u00f3n digital de la serie Gravity 1050 (MB20041320)<\/li>\n<li class=\"text-grey-900 opacity-90\">Dimensiones de la cubierta: 53 cm L x 155 cm A x 122 cm H<\/li>\n<\/ul>\n<p>[\/vc_column_text][\/vc_column][\/vc_row][vc_row][vc_column][\/vc_column][\/vc_row]<\/p>\n<\/div>","protected":false},"excerpt":{"rendered":"<p>Proteja su inversi\u00f3n en su parrilla Masterbuilt\u00ae del sol, la lluvia, el aguanieve y la nieve durante todo el a\u00f1o con la funda para parrillas de carb\u00f3n y ahumadores digitales Gravity Series XT, 1150 y 1050. Esta funda est\u00e1 fabricada con material resistente al agua que incluye aditivos UV para prolongar la vida y el aspecto de su funda. El interior cuenta con un forro de PVC a\u00f1adido que evita desgarros y costuras dobles para evitar fugas. El cord\u00f3n ajustable ayuda a mantener la cubierta en su sitio cuando est\u00e1 instalada. Utilice esta funda con las parrillas de carb\u00f3n y ahumadores digitales Gravity Series XT, Gravity Series 1150 y Gravity Series 1050 de Masterbuilt.<\/p>\n<p>&nbsp;<\/p>\n","protected":false},"featured_media":7720,"comment_status":"closed","ping_status":"closed","template":"","meta":[],"product_brand":[],"product_cat":[112],"product_tag":[],"class_list":{"0":"post-7719","1":"product","2":"type-product","3":"status-publish","4":"has-post-thumbnail","6":"product_cat-masterbuilt","8":"first","9":"instock","10":"taxable","11":"shipping-taxable","12":"purchasable","13":"product-type-simple"},"_links":{"self":[{"href":"https:\/\/www.pacocinillas.es\/tienda\/wp-json\/wp\/v2\/product\/7719","targetHints":{"allow":["GET"]}}],"collection":[{"href":"https:\/\/www.pacocinillas.es\/tienda\/wp-json\/wp\/v2\/product"}],"about":[{"href":"https:\/\/www.pacocinillas.es\/tienda\/wp-json\/wp\/v2\/types\/product"}],"replies":[{"embeddable":true,"href":"https:\/\/www.pacocinillas.es\/tienda\/wp-json\/wp\/v2\/comments?post=7719"}],"wp:featuredmedia":[{"embeddable":true,"href":"https:\/\/www.pacocinillas.es\/tienda\/wp-json\/wp\/v2\/media\/7720"}],"wp:attachment":[{"href":"https:\/\/www.pacocinillas.es\/tienda\/wp-json\/wp\/v2\/media?parent=7719"}],"wp:term":[{"taxonomy":"product_brand","embeddable":true,"href":"https:\/\/www.pacocinillas.es\/tienda\/wp-json\/wp\/v2\/product_brand?post=7719"},{"taxonomy":"product_cat","embeddable":true,"href":"https:\/\/www.pacocinillas.es\/tienda\/wp-json\/wp\/v2\/product_cat?post=7719"},{"taxonomy":"product_tag","embeddable":true,"href":"https:\/\/www.pacocinillas.es\/tienda\/wp-json\/wp\/v2\/product_tag?post=7719"}],"curies":[{"name":"wp","href":"https:\/\/api.w.org\/{rel}","templated":true}]}}