{"id":7535,"date":"2024-09-16T12:47:37","date_gmt":"2024-09-16T10:47:37","guid":{"rendered":"https:\/\/www.pacocinillas.es\/tienda\/?post_type=product&#038;p=7535"},"modified":"2025-04-15T10:29:56","modified_gmt":"2025-04-15T08:29:56","slug":"napoleon-pro22k-leg-3","status":"publish","type":"product","link":"https:\/\/www.pacocinillas.es\/tienda\/producto\/napoleon-pro22k-leg-3\/","title":{"rendered":"Napoleon PRO22K LEG-3"},"content":{"rendered":"<div class=\"wpb-content-wrapper\"><p>[vc_row][vc_column width=\u00bb2\/3&#8243;][vc_column_text css=\u00bb\u00bb]La \u00e1gil parrilla barbacoa de carb\u00f3n de Napoleon, la PRO22K-LEG, es una parrilla de 55,9\u00a0cm perfecta para cualquier aficionado al carb\u00f3n.<\/p>\n<p>Ase y rostice despacio con facilidad, o ah\u00fame con su madera favorita. Las rejillas de hierro fundido pueden colocarse a tres alturas; elija la que le resulte m\u00e1s c\u00f3moda para cocinar. Estas rejillas tienen bisagras para facilitar el acceso, de manera que es m\u00e1s f\u00e1cil agregar carb\u00f3n, rellenar las bandejas de agua e incorporar madera para ahumar. Cuando cocina con carb\u00f3n, el control del calor mediante el flujo de aire es esencial, nuestra chimenea Smoke Stack protege la parrilla del viento y la lluvia mientras mantiene la precisi\u00f3n del calor. El sistema de gesti\u00f3n de calor Vortex mejora la convecci\u00f3n dentro de la parrilla para lograr un mejor sellado y ahumado y mayor eficiencia del combustible. El anillo de extensi\u00f3n de acero inoxidable permite usar el espiedo y tiene puertas para cubrir los puertos de la varilla. Las puertas integradas para las sondas de temperatura garantizan que su cocci\u00f3n sea exactamente como desea. La estructura de acero con recubrimiento porcel\u00e1nico es muy duradera y evita el deterioro, y la tapa inclinada con bisagras permite el acceso a toda la superficie de cocci\u00f3n.[\/vc_column_text][\/vc_column][vc_column width=\u00bb1\/3&#8243;][vc_single_image image=\u00bb7403&#8243; img_size=\u00bbfull\u00bb css=\u00bb\u00bb][\/vc_column][\/vc_row][vc_row][vc_column][vc_column_text css_animation=\u00bbbounceIn\u00bb css=\u00bb\u00bb]<strong>Caracter\u00edsticas T\u00e9cnicas:<\/strong><\/p>\n<ul>\n<li>Estructura de carro con lateral derecho plegable.<\/li>\n<li>Tapa y cuba de acero vitrificado en color negro con detalles en acero inoxidable.<\/li>\n<li>Apertura de tapa inclinada con bisagras. Parrilla de hierro fundido WAVE\u2122 con bisagras.<\/li>\n<li>Term\u00f3metro integrado ACCU-PROBE\u2122 en la tapa.<\/li>\n<li>Chimenea Smoke Stack en la tapa para la regulaci\u00f3n del flujo de aire.<\/li>\n<li>Regulador de entrada de aire en la cuba.<\/li>\n<li>Sistema c\u00f3nico de gesti\u00f3n de calor Vortex.<\/li>\n<li>Anillo de acero inoxidable para soportar un kit de asador giratorio (no incluido).<\/li>\n<li>Asa frontal con dos ganchos para utensilios.<\/li>\n<li>Recolector de cenizas cerrado.<\/li>\n<\/ul>\n<p>Combustible: Carb\u00f3n vegetal \/ Briquetas.<\/p>\n<p>\u00c1rea de cocci\u00f3n principal: \u00d8 57 cm.<\/p>\n<p>Superficie cocci\u00f3n principal: 22 hamburguesas[\/vc_column_text][\/vc_column][\/vc_row][vc_row][vc_column][vc_single_image image=\u00bb7536&#8243; img_size=\u00bbfull\u00bb alignment=\u00bbcenter\u00bb css=\u00bb\u00bb][\/vc_column][\/vc_row]<\/p>\n<\/div>","protected":false},"excerpt":{"rendered":"<p>Nueva barbacoa de carb\u00f3n Napoleon PRO con un <strong>di\u00e1metro de 57 cm<\/strong> <\/p>\n<p>Incluye un term\u00f3metro integrado en la tapa y un exterior de cuba y tapa con acabado vitrificado. Parrilla de hierro fundido, perfecta para sellar a altas temperaturas.<\/p>\n<p>GARANT\u00cdA: 10 a\u00f1os para tapa y cuba<\/p>\n","protected":false},"featured_media":7538,"comment_status":"closed","ping_status":"closed","template":"","meta":[],"product_brand":[],"product_cat":[118,146],"product_tag":[],"class_list":{"0":"post-7535","1":"product","2":"type-product","3":"status-publish","4":"has-post-thumbnail","6":"product_cat-napoleon","7":"product_cat-napoleoncarbonpro","9":"first","10":"instock","11":"taxable","12":"shipping-taxable","13":"purchasable","14":"product-type-simple"},"_links":{"self":[{"href":"https:\/\/www.pacocinillas.es\/tienda\/wp-json\/wp\/v2\/product\/7535","targetHints":{"allow":["GET"]}}],"collection":[{"href":"https:\/\/www.pacocinillas.es\/tienda\/wp-json\/wp\/v2\/product"}],"about":[{"href":"https:\/\/www.pacocinillas.es\/tienda\/wp-json\/wp\/v2\/types\/product"}],"replies":[{"embeddable":true,"href":"https:\/\/www.pacocinillas.es\/tienda\/wp-json\/wp\/v2\/comments?post=7535"}],"wp:featuredmedia":[{"embeddable":true,"href":"https:\/\/www.pacocinillas.es\/tienda\/wp-json\/wp\/v2\/media\/7538"}],"wp:attachment":[{"href":"https:\/\/www.pacocinillas.es\/tienda\/wp-json\/wp\/v2\/media?parent=7535"}],"wp:term":[{"taxonomy":"product_brand","embeddable":true,"href":"https:\/\/www.pacocinillas.es\/tienda\/wp-json\/wp\/v2\/product_brand?post=7535"},{"taxonomy":"product_cat","embeddable":true,"href":"https:\/\/www.pacocinillas.es\/tienda\/wp-json\/wp\/v2\/product_cat?post=7535"},{"taxonomy":"product_tag","embeddable":true,"href":"https:\/\/www.pacocinillas.es\/tienda\/wp-json\/wp\/v2\/product_tag?post=7535"}],"curies":[{"name":"wp","href":"https:\/\/api.w.org\/{rel}","templated":true}]}}