{"id":6703,"date":"2023-04-12T08:13:46","date_gmt":"2023-04-12T06:13:46","guid":{"rendered":"https:\/\/www.pacocinillas.es\/tienda\/?post_type=product&#038;p=6703"},"modified":"2025-04-15T14:40:39","modified_gmt":"2025-04-15T12:40:39","slug":"napoleon-prestige-pro-500-rsib","status":"publish","type":"product","link":"https:\/\/www.pacocinillas.es\/tienda\/producto\/napoleon-prestige-pro-500-rsib\/","title":{"rendered":"NAPOLEON PRESTIGE PRO\u2122 500 RSIB"},"content":{"rendered":"<div class=\"wpb-content-wrapper\"><p>[vc_row][vc_column][vc_column_text]Esta parrilla pulida es tan impresionante como su nombre. La parrilla de gas propano PRO\u2122 500 con quemadores traseros y laterales infrarrojos es una parrilla de estilo profesional, construida con caracter\u00edsticas de alta calidad y de alto rendimiento, que la convierten en una impresionante parrilla f\u00e1cil de usar.<\/p>\n<p>El cuerpo de acero inoxidable brillante proporciona durabilidad contra los elementos, mientras que los detalles cromados agregan un toque de lujo. Adentro se utiliza el mismo acero inoxidable de alta calidad para las rejillas de cocci\u00f3n, los quemadores de tubos, las placas para sellar y el recipiente. Sabr\u00e1 que est\u00e1 usando un producto de Napoleon con las rejillas WAVE\u2122 ic\u00f3nicas que le permitir\u00e1n obtener esas marcas de cocci\u00f3n \u00fanicas. Ase un chulet\u00f3n como los profesionales usando el quemador lateral infrarrojo de 1800\u00b0 para crear un sellado perfecto.<\/p>\n<p>El \u00e1rea de cocci\u00f3n iluminada y el almacenamiento interior, las puertas de cierre suave y los estantes laterales amplios son solo algunas de las caracter\u00edsticas. Las perillas de control NIGHT LIGHT\u2122 de LED Spectrum tienen opciones de colores casi ilimitadas que facilitan mucho el entretenimiento nocturno y, para m\u00e1s seguridad, se iluminan en rojo cuando queda el gas encendido.[\/vc_column_text][vc_column_text]<\/p>\n<ul>\n<li class=\"field__item\">80.000 BTU<\/li>\n<li class=\"field__item\">4 quemadores principales de acero inoxidable<\/li>\n<li class=\"field__item\">900 in\u00b2 de superficie total de cocci\u00f3n<\/li>\n<li class=\"field__item\">Perillas NIGHT LIGHT\u2122 de RGB Spectrum con SafetyGlow<\/li>\n<li class=\"field__item\">Quemador lateral infrarrojo SIZZLE ZONE\u2122 grande<\/li>\n<li class=\"field__item\">Tapa superior deslizante LIFT EASE\u2122<\/li>\n<li class=\"field__item\">Quemador trasero infrarrojo del rostizador<\/li>\n<li class=\"field__item\">Placas de sellado de acero inoxidable de dos niveles<\/li>\n<li class=\"field__item\">Balde para hielo y tabla para cortar<\/li>\n<li class=\"field__item\">Ic\u00f3nicas rejillas WAVE\u2122 de acero inoxidable<\/li>\n<li class=\"field__item\">Encendido inmediato JETFIRE\u2122<\/li>\n<li class=\"field__item\">Iluminaci\u00f3n por proximidad con el logotipo de Napoleon<\/li>\n<li class=\"field__item\">Rostizador incluido<\/li>\n<\/ul>\n<p>[\/vc_column_text][\/vc_column][\/vc_row][vc_row][vc_column width=\u00bb1\/4&#8243;][\/vc_column][vc_column width=\u00bb1\/4&#8243;][vc_btn title=\u00bbMANUAL\u00bb color=\u00bbjuicy-pink\u00bb link=\u00bburl:https%3A%2F%2Fwww.napoleon.com%2Fsites%2Fdefault%2Ffiles%2Fproducts%2FPrestige%2520Pro%2520Series%2520500_665_825%2520CE-ES.pdf|target:_blank\u00bb][\/vc_column][vc_column width=\u00bb1\/4&#8243;][vc_btn title=\u00bbGU\u00cdA DE ENSAMBLAJE\u00bb color=\u00bbblack\u00bb link=\u00bburl:https%3A%2F%2Fwww.napoleon.com%2Fsites%2Fdefault%2Ffiles%2Fproducts%2FPrestige-PRO-500-Assembly-Guide-May2022.pdf|target:_blank\u00bb][\/vc_column][vc_column width=\u00bb1\/4&#8243;][\/vc_column][\/vc_row][vc_row][vc_column][vc_video link=\u00bbhttps:\/\/www.youtube.com\/watch?v=XccrNCYrtWs&amp;t=1s\u00bb align=\u00bbcenter\u00bb title=\u00bbV\u00eddeo de ensamblaje\u00bb][\/vc_column][\/vc_row]<\/p>\n<\/div>","protected":false},"excerpt":{"rendered":"<p>La NAPOLEON PRESTIGE PRO\u2122 500 RSIB cuenta con 6 quemadores y los quemadores laterales y traseros son infrarrojos<\/p>\n","protected":false},"featured_media":6704,"comment_status":"closed","ping_status":"closed","template":"","meta":[],"product_brand":[],"product_cat":[118,143],"product_tag":[],"class_list":{"0":"post-6703","1":"product","2":"type-product","3":"status-publish","4":"has-post-thumbnail","6":"product_cat-napoleon","7":"product_cat-napoleonprestigepro","9":"first","10":"instock","11":"taxable","12":"shipping-taxable","13":"purchasable","14":"product-type-simple"},"_links":{"self":[{"href":"https:\/\/www.pacocinillas.es\/tienda\/wp-json\/wp\/v2\/product\/6703","targetHints":{"allow":["GET"]}}],"collection":[{"href":"https:\/\/www.pacocinillas.es\/tienda\/wp-json\/wp\/v2\/product"}],"about":[{"href":"https:\/\/www.pacocinillas.es\/tienda\/wp-json\/wp\/v2\/types\/product"}],"replies":[{"embeddable":true,"href":"https:\/\/www.pacocinillas.es\/tienda\/wp-json\/wp\/v2\/comments?post=6703"}],"wp:featuredmedia":[{"embeddable":true,"href":"https:\/\/www.pacocinillas.es\/tienda\/wp-json\/wp\/v2\/media\/6704"}],"wp:attachment":[{"href":"https:\/\/www.pacocinillas.es\/tienda\/wp-json\/wp\/v2\/media?parent=6703"}],"wp:term":[{"taxonomy":"product_brand","embeddable":true,"href":"https:\/\/www.pacocinillas.es\/tienda\/wp-json\/wp\/v2\/product_brand?post=6703"},{"taxonomy":"product_cat","embeddable":true,"href":"https:\/\/www.pacocinillas.es\/tienda\/wp-json\/wp\/v2\/product_cat?post=6703"},{"taxonomy":"product_tag","embeddable":true,"href":"https:\/\/www.pacocinillas.es\/tienda\/wp-json\/wp\/v2\/product_tag?post=6703"}],"curies":[{"name":"wp","href":"https:\/\/api.w.org\/{rel}","templated":true}]}}