{"id":6645,"date":"2018-03-12T09:40:28","date_gmt":"2018-03-12T07:40:28","guid":{"rendered":"https:\/\/www.pacocinillas.es\/tienda\/?post_type=product&#038;p=6645"},"modified":"2026-01-06T13:37:40","modified_gmt":"2026-01-06T11:37:40","slug":"napoleon-funda-para-bbq-con-carro","status":"publish","type":"product","link":"https:\/\/www.pacocinillas.es\/tienda\/producto\/napoleon-funda-para-bbq-con-carro\/","title":{"rendered":"NAPOLEON Funda para bbq con carro"},"content":{"rendered":"<p>No hay mejor opci\u00f3n que la cubierta para parrilla pr\u00e9mium para proteger a su parrilla contra el tiempo durante todo el a\u00f1o. F\u00e1cilmente retire la cubierta usando la manija integrada en la parte posterior. Cuenta con correas ajustables con hebillas para asegurar la cubierta en su lugar, mientras que la ventilaci\u00f3n permite que el flujo de aire evite el moho, y lo protege tambi\u00e9n de los d\u00edas ventosos. F\u00e1cilmente almacene su cubierta con los convenientes lazos para colgar.<\/p>\n<p>&nbsp;<\/p>\n<p>&nbsp;<\/p>\n","protected":false},"excerpt":{"rendered":"<p>Funda para modelo de carro PRO22K-CART. La tela duradera y resistente al agua de esta funda no se quiebra.<\/p>\n<p>Los mejorados inhibidores de rayos UV brindan mayor resistencia a la decoloraci\u00f3n.<\/p>\n","protected":false},"featured_media":6647,"comment_status":"closed","ping_status":"closed","template":"","meta":[],"product_brand":[],"product_cat":[72,160,118],"product_tag":[],"class_list":{"0":"post-6645","1":"product","2":"type-product","3":"status-publish","4":"has-post-thumbnail","6":"product_cat-accesorios","7":"product_cat-accesoriosnapoleon","8":"product_cat-napoleon","10":"first","11":"instock","12":"taxable","13":"shipping-taxable","14":"purchasable","15":"product-type-simple"},"_links":{"self":[{"href":"https:\/\/www.pacocinillas.es\/tienda\/wp-json\/wp\/v2\/product\/6645","targetHints":{"allow":["GET"]}}],"collection":[{"href":"https:\/\/www.pacocinillas.es\/tienda\/wp-json\/wp\/v2\/product"}],"about":[{"href":"https:\/\/www.pacocinillas.es\/tienda\/wp-json\/wp\/v2\/types\/product"}],"replies":[{"embeddable":true,"href":"https:\/\/www.pacocinillas.es\/tienda\/wp-json\/wp\/v2\/comments?post=6645"}],"wp:featuredmedia":[{"embeddable":true,"href":"https:\/\/www.pacocinillas.es\/tienda\/wp-json\/wp\/v2\/media\/6647"}],"wp:attachment":[{"href":"https:\/\/www.pacocinillas.es\/tienda\/wp-json\/wp\/v2\/media?parent=6645"}],"wp:term":[{"taxonomy":"product_brand","embeddable":true,"href":"https:\/\/www.pacocinillas.es\/tienda\/wp-json\/wp\/v2\/product_brand?post=6645"},{"taxonomy":"product_cat","embeddable":true,"href":"https:\/\/www.pacocinillas.es\/tienda\/wp-json\/wp\/v2\/product_cat?post=6645"},{"taxonomy":"product_tag","embeddable":true,"href":"https:\/\/www.pacocinillas.es\/tienda\/wp-json\/wp\/v2\/product_tag?post=6645"}],"curies":[{"name":"wp","href":"https:\/\/api.w.org\/{rel}","templated":true}]}}