{"id":6624,"date":"2023-04-04T13:47:45","date_gmt":"2023-04-04T11:47:45","guid":{"rendered":"https:\/\/www.pacocinillas.es\/tienda\/?post_type=product&#038;p=6624"},"modified":"2025-04-09T19:25:38","modified_gmt":"2025-04-09T17:25:38","slug":"napoleon-freestyle-425-con-43-quemadores-1-lateral-infrarrojos","status":"publish","type":"product","link":"https:\/\/www.pacocinillas.es\/tienda\/producto\/napoleon-freestyle-425-con-43-quemadores-1-lateral-infrarrojos\/","title":{"rendered":"NAPOLE\u00d3N FREESTYLE 425 SIB con 4 Quemadores + 1 Lateral Infrarrojo"},"content":{"rendered":"<div class=\"wpb-content-wrapper\"><p>[vc_row][vc_column][vc_column_text css=\u00bb\u00bb]<\/p>\n<p class=\"p1\">Dise\u00f1ada para adaptarse a diversos espacios y estilos de vida, la Freestyle 425 SIB incluye estantes laterales plegables con ganchos para utensilios y un abridor de botellas incorporado.<\/p>\n<p class=\"p1\">Sus ruedas reforzadas facilitan el traslado a cualquier lugar donde se desee cocinar.<\/p>\n<p class=\"p1\">La tapa con acabado en esmalte porcel\u00e1nico gris grafito no solo aporta elegancia, sino que tambi\u00e9n protege contra el desgaste y las condiciones clim\u00e1ticas adversas.<\/p>\n<p class=\"p1\">En conjunto, estas caracter\u00edsticas hacen de la Freestyle 425 SIB una opci\u00f3n vers\u00e1til y eficiente para los entusiastas de la parrilla.<\/p>\n<p>[\/vc_column_text][\/vc_column][\/vc_row][vc_row][vc_column][vc_video link=\u00bbhttps:\/\/www.youtube.com\/watch?v=voTjGBYBTUg\u00bb align=\u00bbcenter\u00bb][\/vc_column][\/vc_row][vc_row][vc_column][vc_column_text css=\u00bb\u00bb]<\/p>\n<table class=\"specification-table\">\n<tbody>\n<tr>\n<th>Garant\u00eda<\/th>\n<td>10 a\u00f1os de garant\u00eda limitada<sup>*<\/sup><\/td>\n<\/tr>\n<tr>\n<th>Combustible<\/th>\n<td>Propano<\/td>\n<\/tr>\n<tr>\n<th>Producci\u00f3n de calor<\/th>\n<td>42.000 BTU (16,60 kW)<\/td>\n<\/tr>\n<tr>\n<th>Superficie de cocci\u00f3n principal<\/th>\n<td>18 x 23.75 (60 x 45) \u00a0|\u00a0 26 hamburguesas<\/td>\n<\/tr>\n<tr>\n<th>Superficie de cocci\u00f3n total<\/th>\n<td>664 sq.in (4.284 cm\u00b2)<\/td>\n<\/tr>\n<tr>\n<th>Asador incluido<\/th>\n<td>Opcional<\/td>\n<\/tr>\n<tr>\n<th>Altura<\/th>\n<td>45,50 in (116 cm) \u00a0|\u00a0 60,50 in (154 cm) con la tapa abierta<\/td>\n<\/tr>\n<tr>\n<th>Ancho<\/th>\n<td>52 in (132 cm) \u00a0|\u00a0 42,50 in (108 cm) con los estantes cerrados<\/td>\n<\/tr>\n<tr>\n<th>Profundidad<\/th>\n<td>25 in (63,50 cm)<\/td>\n<\/tr>\n<\/tbody>\n<\/table>\n<p>[\/vc_column_text][\/vc_column][\/vc_row][vc_row][vc_column][vc_single_image image=\u00bb7786&#8243; img_size=\u00bbfull\u00bb alignment=\u00bbcenter\u00bb css=\u00bb\u00bb][\/vc_column][\/vc_row]<\/p>\n<\/div>","protected":false},"excerpt":{"rendered":"<p class=\"p1\"><strong>Freestyle 425 SIB<\/strong> de Napoleon es un barbacoa de gas compacta que ofrece caracter\u00edsticas premium a un valor excepcional.<\/p>\n<p>Equipada con el sistema de encendido inmediato JETFIRE\u2122, permite encender los <strong>4 quemadores<\/strong> principales de acero inoxidable de manera r\u00e1pida y sencilla. Las rejillas de cocci\u00f3n de hierro fundido con esmalte porcel\u00e1nico aseguran una distribuci\u00f3n uniforme del calor y un sellado perfecto de los alimentos. Adem\u00e1s, cuenta con un <strong>quemador lateral infrarrojo<\/strong> SIZZLE ZONE\u2122, ideal para lograr sellados de calidad de restaurante o preparar guarniciones mientras se cocina en la parrilla principal.<\/p>\n","protected":false},"featured_media":6625,"comment_status":"closed","ping_status":"closed","template":"","meta":[],"product_brand":[],"product_cat":[118,141],"product_tag":[],"class_list":{"0":"post-6624","1":"product","2":"type-product","3":"status-publish","4":"has-post-thumbnail","6":"product_cat-napoleon","7":"product_cat-napoleonfreestyle","9":"first","10":"instock","11":"taxable","12":"shipping-taxable","13":"purchasable","14":"product-type-simple"},"_links":{"self":[{"href":"https:\/\/www.pacocinillas.es\/tienda\/wp-json\/wp\/v2\/product\/6624","targetHints":{"allow":["GET"]}}],"collection":[{"href":"https:\/\/www.pacocinillas.es\/tienda\/wp-json\/wp\/v2\/product"}],"about":[{"href":"https:\/\/www.pacocinillas.es\/tienda\/wp-json\/wp\/v2\/types\/product"}],"replies":[{"embeddable":true,"href":"https:\/\/www.pacocinillas.es\/tienda\/wp-json\/wp\/v2\/comments?post=6624"}],"wp:featuredmedia":[{"embeddable":true,"href":"https:\/\/www.pacocinillas.es\/tienda\/wp-json\/wp\/v2\/media\/6625"}],"wp:attachment":[{"href":"https:\/\/www.pacocinillas.es\/tienda\/wp-json\/wp\/v2\/media?parent=6624"}],"wp:term":[{"taxonomy":"product_brand","embeddable":true,"href":"https:\/\/www.pacocinillas.es\/tienda\/wp-json\/wp\/v2\/product_brand?post=6624"},{"taxonomy":"product_cat","embeddable":true,"href":"https:\/\/www.pacocinillas.es\/tienda\/wp-json\/wp\/v2\/product_cat?post=6624"},{"taxonomy":"product_tag","embeddable":true,"href":"https:\/\/www.pacocinillas.es\/tienda\/wp-json\/wp\/v2\/product_tag?post=6624"}],"curies":[{"name":"wp","href":"https:\/\/api.w.org\/{rel}","templated":true}]}}