{"id":5885,"date":"2022-05-31T21:26:06","date_gmt":"2022-05-31T19:26:06","guid":{"rendered":"https:\/\/www.pacocinillas.es\/tienda\/?post_type=product&#038;p=5885"},"modified":"2024-11-04T11:27:56","modified_gmt":"2024-11-04T09:27:56","slug":"traeger-pro-575","status":"publish","type":"product","link":"https:\/\/www.pacocinillas.es\/tienda\/producto\/traeger-pro-575\/","title":{"rendered":"TRAEGER PRO 575"},"content":{"rendered":"<div class=\"wpb-content-wrapper\"><p>[vc_row][vc_column][vc_column_text]<\/p>\n<p class=\"p1\"><strong>ESPECIFICACIONES:<\/strong><\/p>\n<p class=\"p1\"><strong><span class=\"s1\">10,5 KW <\/span><\/strong>| ZONA DE PARRILLA DE<strong> 5032 CM<\/strong><span class=\"s2\"><strong>2<\/strong> <\/span>| CAPACIDAD DE TOLVA:<strong> 8 KG<\/strong><\/p>\n<p class=\"p1\">ALTURA: <strong>140 CM<\/strong> | ANCHO: <strong>122 CM<\/strong> | PROFUNDIDAD: <strong>69 CM<\/strong> | PESO: <strong>66 KG<\/strong><\/p>\n<p>[\/vc_column_text][vc_column_text]<\/p>\n<p class=\"p1\">La nueva serie <strong>Pro<\/strong> cuenta con la tecnolog\u00eda <strong>WiFIRE\u00ae<\/strong> que te permite cambiar la temperatura de la barbacoa, controlar las temperaturas de la carne y acceder a cientos de recetas desde tu smartphone. Gracias a nuestra potente transmisi\u00f3n, disfrutar\u00e1s de un arranque ultrarr\u00e1pido que te permitir\u00e1 ponerte antes al frente de tu barbacoa, ya est\u00e9s preparando carne de vacuno a fuego bajo y lento, o subiendo la temperatura al m\u00e1ximo para un sellado final en tus costillas u horneando un pastel de manzana.<\/p>\n<p>[\/vc_column_text][vc_column_text]<\/p>\n<p class=\"p1\"><strong>CARACTER\u00cdSTICAS:<\/strong><\/p>\n<ul>\n<li class=\"p1\">CONTROLADOR PRO D2<\/li>\n<li class=\"p1\">TECNOLOG\u00cdA WiFIRE\u00ae<\/li>\n<li class=\"p1\">ACCIONAMIENTO DIRECTOD2 \u00ae<\/li>\n<li class=\"p1\">TURBOTEMP\u00ae<\/li>\n<li class=\"p1\">SONDA PARA CARNE<\/li>\n<li class=\"p1\">ESTANTE ADICIONAL<\/li>\n<li class=\"p1\">GANCHOS DE ALMACENAMIENTO EXTERIORES PARA PARRILLA ADICIONAL<\/li>\n<li class=\"p1\">SALIDA PARA VACIADO DE TOLVA<\/li>\n<li class=\"p1\">RUEDAS DE BLOQUEO<\/li>\n<\/ul>\n<p>[\/vc_column_text][vc_video link=\u00bbhttps:\/\/www.youtube.com\/watch?v=1Rqhcb3PB6g\u00bb align=\u00bbcenter\u00bb][\/vc_column][\/vc_row]<\/p>\n<\/div>","protected":false},"excerpt":{"rendered":"<p>El sabor a le\u00f1a m\u00e1s f\u00e1cil que nunca con la TRAEGER PRO 575.<\/p>\n<p><img loading=\"lazy\" decoding=\"async\" class=\"alignleft wp-image-5867 size-thumbnail\" src=\"https:\/\/www.pacocinillas.es\/tienda\/wp-content\/uploads\/2022\/05\/traeger_logo-150x150.png\" alt=\"\" width=\"150\" height=\"150\" srcset=\"https:\/\/www.pacocinillas.es\/tienda\/wp-content\/uploads\/2022\/05\/traeger_logo-150x150.png 150w, https:\/\/www.pacocinillas.es\/tienda\/wp-content\/uploads\/2022\/05\/traeger_logo-300x300.png 300w, https:\/\/www.pacocinillas.es\/tienda\/wp-content\/uploads\/2022\/05\/traeger_logo-100x100.png 100w\" sizes=\"auto, (max-width: 150px) 100vw, 150px\" \/><\/p>\n","protected":false},"featured_media":5886,"comment_status":"closed","ping_status":"closed","template":"","meta":[],"product_brand":[],"product_cat":[133],"product_tag":[],"class_list":{"0":"post-5885","1":"product","2":"type-product","3":"status-publish","4":"has-post-thumbnail","6":"product_cat-traeger","8":"first","9":"instock","10":"taxable","11":"shipping-taxable","12":"purchasable","13":"product-type-simple"},"_links":{"self":[{"href":"https:\/\/www.pacocinillas.es\/tienda\/wp-json\/wp\/v2\/product\/5885","targetHints":{"allow":["GET"]}}],"collection":[{"href":"https:\/\/www.pacocinillas.es\/tienda\/wp-json\/wp\/v2\/product"}],"about":[{"href":"https:\/\/www.pacocinillas.es\/tienda\/wp-json\/wp\/v2\/types\/product"}],"replies":[{"embeddable":true,"href":"https:\/\/www.pacocinillas.es\/tienda\/wp-json\/wp\/v2\/comments?post=5885"}],"wp:featuredmedia":[{"embeddable":true,"href":"https:\/\/www.pacocinillas.es\/tienda\/wp-json\/wp\/v2\/media\/5886"}],"wp:attachment":[{"href":"https:\/\/www.pacocinillas.es\/tienda\/wp-json\/wp\/v2\/media?parent=5885"}],"wp:term":[{"taxonomy":"product_brand","embeddable":true,"href":"https:\/\/www.pacocinillas.es\/tienda\/wp-json\/wp\/v2\/product_brand?post=5885"},{"taxonomy":"product_cat","embeddable":true,"href":"https:\/\/www.pacocinillas.es\/tienda\/wp-json\/wp\/v2\/product_cat?post=5885"},{"taxonomy":"product_tag","embeddable":true,"href":"https:\/\/www.pacocinillas.es\/tienda\/wp-json\/wp\/v2\/product_tag?post=5885"}],"curies":[{"name":"wp","href":"https:\/\/api.w.org\/{rel}","templated":true}]}}