{"id":4657,"date":"2021-06-02T19:08:27","date_gmt":"2021-06-02T17:08:27","guid":{"rendered":"https:\/\/www.pacocinillas.es\/tienda\/?post_type=product&#038;p=4657"},"modified":"2026-04-02T11:58:34","modified_gmt":"2026-04-02T09:58:34","slug":"minipalet-sacos-carbon-argentino-3kg-60-sacos","status":"publish","type":"product","link":"https:\/\/www.pacocinillas.es\/tienda\/producto\/minipalet-sacos-carbon-argentino-3kg-60-sacos\/","title":{"rendered":"Minipalet sacos carb\u00f3n ARGENTINO 3Kg. (80 sacos)"},"content":{"rendered":"<div class=\"wpb-content-wrapper\"><p>[vc_row][vc_column][vc_column_text]<\/p>\n<p class=\"p1\">\u00a1Te mereces lo mejor! Por eso ten\u00edamos que hacer un formato m\u00e1s grande para los amantes de la barbacoa.<\/p>\n<p class=\"p1\">Envasado artesanalmente a mano, el Carb\u00f3n de Quebracho Todobrasa es una forma inteligente de cocinar tus alimentos.<\/p>\n<p class=\"p1\">Limpio, solo trozos de carb\u00f3n. Esta bolsa contiene todo lo necesario para alargar tus asados durante horas y obtener una comida jugosa y deliciosa. Sin chispa, sin humo.<\/p>\n<p class=\"p1\">M\u00e1s calor durante m\u00e1s horas para que cocines sin prisas y que tus comensales digan: \u201c\u00a1Qu\u00e9 sabroso!\u201d<\/p>\n<p class=\"p1\">El carb\u00f3n de quebracho se convertir\u00e1 en tu favorito.<\/p>\n<p>[\/vc_column_text][vc_single_image image=\u00bb4604&#8243; img_size=\u00bbfull\u00bb alignment=\u00bbcenter\u00bb][vc_single_image image=\u00bb2687&#8243; img_size=\u00bbfull\u00bb alignment=\u00bbcenter\u00bb][\/vc_column][\/vc_row]<\/p>\n<\/div>","protected":false},"excerpt":{"rendered":"<p>Carb\u00f3n de Quebracho. Especial para su uso gourmet en restaurantes y parrillas. M\u00e1xima calidad y alto poder calor\u00edfico.<\/p>\n<p>El carb\u00f3n Argentino Todobrasa es m\u00e1s que carb\u00f3n.<\/p>\n<p>Plazo entrega:\u00a0 <span style=\"color: #800000;\"><strong>3-5 d\u00edas laborables. Env\u00edo incluido<\/strong><\/span><\/p>\n<p>Uso profesional.<\/p>\n<p><strong>Cantidad: <\/strong>80\u00a0sacos<strong><br \/>\nPeso del saco:<\/strong> 3 Kg.<br \/>\n<strong>Formato:<\/strong> Minipalet<\/p>\n","protected":false},"featured_media":8594,"comment_status":"closed","ping_status":"closed","template":"","meta":[],"product_brand":[],"product_cat":[162],"product_tag":[],"class_list":{"0":"post-4657","1":"product","2":"type-product","3":"status-publish","4":"has-post-thumbnail","6":"product_cat-minipalets","8":"first","9":"instock","10":"taxable","11":"shipping-taxable","12":"purchasable","13":"product-type-simple"},"_links":{"self":[{"href":"https:\/\/www.pacocinillas.es\/tienda\/wp-json\/wp\/v2\/product\/4657","targetHints":{"allow":["GET"]}}],"collection":[{"href":"https:\/\/www.pacocinillas.es\/tienda\/wp-json\/wp\/v2\/product"}],"about":[{"href":"https:\/\/www.pacocinillas.es\/tienda\/wp-json\/wp\/v2\/types\/product"}],"replies":[{"embeddable":true,"href":"https:\/\/www.pacocinillas.es\/tienda\/wp-json\/wp\/v2\/comments?post=4657"}],"wp:featuredmedia":[{"embeddable":true,"href":"https:\/\/www.pacocinillas.es\/tienda\/wp-json\/wp\/v2\/media\/8594"}],"wp:attachment":[{"href":"https:\/\/www.pacocinillas.es\/tienda\/wp-json\/wp\/v2\/media?parent=4657"}],"wp:term":[{"taxonomy":"product_brand","embeddable":true,"href":"https:\/\/www.pacocinillas.es\/tienda\/wp-json\/wp\/v2\/product_brand?post=4657"},{"taxonomy":"product_cat","embeddable":true,"href":"https:\/\/www.pacocinillas.es\/tienda\/wp-json\/wp\/v2\/product_cat?post=4657"},{"taxonomy":"product_tag","embeddable":true,"href":"https:\/\/www.pacocinillas.es\/tienda\/wp-json\/wp\/v2\/product_tag?post=4657"}],"curies":[{"name":"wp","href":"https:\/\/api.w.org\/{rel}","templated":true}]}}