{"id":4648,"date":"2021-06-02T18:30:15","date_gmt":"2021-06-02T16:30:15","guid":{"rendered":"https:\/\/www.pacocinillas.es\/tienda\/?post_type=product&#038;p=4648"},"modified":"2026-04-02T11:56:12","modified_gmt":"2026-04-02T09:56:12","slug":"minipalet-carbon-marabu-10kg","status":"publish","type":"product","link":"https:\/\/www.pacocinillas.es\/tienda\/producto\/minipalet-carbon-marabu-10kg\/","title":{"rendered":"Minipalet carb\u00f3n MARAB\u00da 10Kg. (24 sacos)"},"content":{"rendered":"<div class=\"wpb-content-wrapper\"><p>[vc_row][vc_column][vc_column_text]<\/p>\n<p class=\"p1\">\u00bfUn carb\u00f3n brillante que suena a metal? Si. Adem\u00e1s de bonito, el Carb\u00f3n de Marab\u00fa Todobrasa te sorprender\u00e1 por su limpieza, su larga duraci\u00f3n libre de chispas y el suave aroma que desprender\u00e1 en tus alimentos.<\/p>\n<p class=\"p1\">Procede de limpiezas controladas de montes. Tienes ante ti, un carb\u00f3n totalmente ecol\u00f3gico y beneficioso para el medio ambiente. Contiene solo marab\u00fa, uno de los mejores carbones para la hosteler\u00eda y el uso profesional, perfecto para llevar a cabo largos asados llenos de sabor. \u00a1Triunfar\u00e1s!<\/p>\n<p>[\/vc_column_text][vc_single_image image=\u00bb4604&#8243; img_size=\u00bbfull\u00bb alignment=\u00bbcenter\u00bb][vc_single_image image=\u00bb2687&#8243; img_size=\u00bbfull\u00bb alignment=\u00bbcenter\u00bb][\/vc_column][\/vc_row]<\/p>\n<\/div>","protected":false},"excerpt":{"rendered":"<p class=\"p1\">El aroma \u00fanico del Carb\u00f3n de Encina Todobrasa, se logra gracias a su elaboraci\u00f3n artesanal con tallos finos de le\u00f1a de encina, procedente de podas y limpiezas controladas de montes y bosques.<\/p>\n<p>Plazo entrega:\u00a0 <span style=\"color: #800000;\"><strong>3-5 d\u00edas laborables. Env\u00edo incluido en Pen\u00ednsula.<\/strong><\/span><\/p>\n<p>Uso particular y profesional.<\/p>\n<p><strong>Cantidad: <\/strong>24 sacos<strong><br \/>\nPeso del saco:<\/strong> 10 Kg.<br \/>\n<strong>Formato:<\/strong> Minipalet<\/p>\n","protected":false},"featured_media":8593,"comment_status":"closed","ping_status":"closed","template":"","meta":[],"product_brand":[],"product_cat":[162],"product_tag":[],"class_list":{"0":"post-4648","1":"product","2":"type-product","3":"status-publish","4":"has-post-thumbnail","6":"product_cat-minipalets","8":"first","9":"instock","10":"taxable","11":"shipping-taxable","12":"purchasable","13":"product-type-simple"},"_links":{"self":[{"href":"https:\/\/www.pacocinillas.es\/tienda\/wp-json\/wp\/v2\/product\/4648","targetHints":{"allow":["GET"]}}],"collection":[{"href":"https:\/\/www.pacocinillas.es\/tienda\/wp-json\/wp\/v2\/product"}],"about":[{"href":"https:\/\/www.pacocinillas.es\/tienda\/wp-json\/wp\/v2\/types\/product"}],"replies":[{"embeddable":true,"href":"https:\/\/www.pacocinillas.es\/tienda\/wp-json\/wp\/v2\/comments?post=4648"}],"wp:featuredmedia":[{"embeddable":true,"href":"https:\/\/www.pacocinillas.es\/tienda\/wp-json\/wp\/v2\/media\/8593"}],"wp:attachment":[{"href":"https:\/\/www.pacocinillas.es\/tienda\/wp-json\/wp\/v2\/media?parent=4648"}],"wp:term":[{"taxonomy":"product_brand","embeddable":true,"href":"https:\/\/www.pacocinillas.es\/tienda\/wp-json\/wp\/v2\/product_brand?post=4648"},{"taxonomy":"product_cat","embeddable":true,"href":"https:\/\/www.pacocinillas.es\/tienda\/wp-json\/wp\/v2\/product_cat?post=4648"},{"taxonomy":"product_tag","embeddable":true,"href":"https:\/\/www.pacocinillas.es\/tienda\/wp-json\/wp\/v2\/product_tag?post=4648"}],"curies":[{"name":"wp","href":"https:\/\/api.w.org\/{rel}","templated":true}]}}