{"id":4454,"date":"2020-07-21T23:54:56","date_gmt":"2020-07-21T21:54:56","guid":{"rendered":"https:\/\/www.pacocinillas.es\/tienda\/?post_type=product&#038;p=4454"},"modified":"2026-01-01T11:48:33","modified_gmt":"2026-01-01T09:48:33","slug":"cesta-carbon-kamado-joe-big","status":"publish","type":"product","link":"https:\/\/www.pacocinillas.es\/tienda\/producto\/cesta-carbon-kamado-joe-big\/","title":{"rendered":"Cesta carb\u00f3n Kamado JOE para Big JOE"},"content":{"rendered":"","protected":false},"excerpt":{"rendered":"<p><strong>Charcoal basket for Big Joe<\/strong><\/p>\n<p>Disfruta de barbacoas mejores, m\u00e1s r\u00e1pidas y m\u00e1s f\u00e1ciles con esta cesta de carb\u00f3n para Kamado Joe Big Joe. Te asegura un mejor flujo de aire, menos mantenimiento y m\u00e1s comodidad al rellenar y encender el carb\u00f3n.<\/p>\n","protected":false},"featured_media":3966,"comment_status":"closed","ping_status":"closed","template":"","meta":[],"product_brand":[],"product_cat":[72,151,43],"product_tag":[],"class_list":{"0":"post-4454","1":"product","2":"type-product","3":"status-publish","4":"has-post-thumbnail","6":"product_cat-accesorios","7":"product_cat-accesoriosjoe","8":"product_cat-kamadojoe","10":"first","11":"instock","12":"taxable","13":"shipping-taxable","14":"purchasable","15":"product-type-simple"},"_links":{"self":[{"href":"https:\/\/www.pacocinillas.es\/tienda\/wp-json\/wp\/v2\/product\/4454","targetHints":{"allow":["GET"]}}],"collection":[{"href":"https:\/\/www.pacocinillas.es\/tienda\/wp-json\/wp\/v2\/product"}],"about":[{"href":"https:\/\/www.pacocinillas.es\/tienda\/wp-json\/wp\/v2\/types\/product"}],"replies":[{"embeddable":true,"href":"https:\/\/www.pacocinillas.es\/tienda\/wp-json\/wp\/v2\/comments?post=4454"}],"wp:featuredmedia":[{"embeddable":true,"href":"https:\/\/www.pacocinillas.es\/tienda\/wp-json\/wp\/v2\/media\/3966"}],"wp:attachment":[{"href":"https:\/\/www.pacocinillas.es\/tienda\/wp-json\/wp\/v2\/media?parent=4454"}],"wp:term":[{"taxonomy":"product_brand","embeddable":true,"href":"https:\/\/www.pacocinillas.es\/tienda\/wp-json\/wp\/v2\/product_brand?post=4454"},{"taxonomy":"product_cat","embeddable":true,"href":"https:\/\/www.pacocinillas.es\/tienda\/wp-json\/wp\/v2\/product_cat?post=4454"},{"taxonomy":"product_tag","embeddable":true,"href":"https:\/\/www.pacocinillas.es\/tienda\/wp-json\/wp\/v2\/product_tag?post=4454"}],"curies":[{"name":"wp","href":"https:\/\/api.w.org\/{rel}","templated":true}]}}