{"id":4015,"date":"2020-09-08T11:40:33","date_gmt":"2020-09-08T09:40:33","guid":{"rendered":"https:\/\/www.pacocinillas.es\/tienda\/?post_type=product&#038;p=4015"},"modified":"2025-02-07T00:33:20","modified_gmt":"2025-02-06T22:33:20","slug":"gravity-series-560","status":"publish","type":"product","link":"https:\/\/www.pacocinillas.es\/tienda\/producto\/gravity-series-560\/","title":{"rendered":"Barbacoa ahumador Gravity Series 560"},"content":{"rendered":"<div class=\"wpb-content-wrapper\"><p>[vc_row][vc_column][vc_column_text]La barbacoa ahumador de carb\u00f3n Gravity Series 560 es el producto estrella de la marca Masterbuilt.\u00a0Durante m\u00e1s de 45 a\u00f1os,\u00a0Masterbuilt es conocido por la calidad de sus ahumadores el\u00e9ctricos, una l\u00ednea completa de\u00a0barbacoas y accesorios. En 2018, Masterbuilt se junt\u00f3\u00a0con la compa\u00f1\u00eda Kamado Joe, lo que subraya a\u00fan m\u00e1s la calidad de los productos de esta marca.<\/p>\n<p>Con la barbacoa ahumador de carb\u00f3n Gravity Series 560 de Masterbuilt puedes asar, hornear, ahumar y mucho m\u00e1s. Ajusta la temperatura en el panel de control digital de la barbacoa o en el dispositivo\u00a0m\u00f3vil y DigitalFan \u2122 mantiene la temperatura de cocci\u00f3n deseada. La tolva de carb\u00f3n GravityFed \u2122 tiene capacidad para contener la cantidad de carb\u00f3n necesaria para m\u00e1s de 12 horas de fuego y la gravedad asegura que\u00a0el\u00a0suministro de carb\u00f3n sea constante. Las parrillas reversibles de hierro fundido\u00a0pueden alcanzar la temperatura de hasta 371\u00b0C\u00a0en solo 13 minutos y son perfectas para asar o ahumar.<\/p>\n<p>&nbsp;<\/p>\n<p><strong>CARACTER\u00cdSTICAS PRINCIPALES:<\/strong><\/p>\n<p>CONTROL DIGITAL FAN\u00a0\u2122<br \/>\nDigitalFan \u2122 para un control preciso de la temperatura. Con solo presionar un bot\u00f3n, el ventilador controlado digitalmente mueve el flujo de aire desde la tolva de carb\u00f3n a la c\u00e1mara de cocci\u00f3n y mantiene la temperatura de cocci\u00f3n deseada.<\/p>\n<p>TOLVA DE CARB\u00d3N GRAVITY FED\u00a0\u2122<br \/>\nLa tolva GravityFed \u2122 tiene capacidad para 4,5 kg\u00a0de carb\u00f3n en trozos o\u00a07 kg de briquetas. La tolva de carb\u00f3n GravityFed \u2122 tiene capacidad para contener la cantidad de carb\u00f3n necesaria para 12-15 horas de fuego y la gravedad asegura que\u00a0el\u00a0suministro de carb\u00f3n sea constante. No es necesario\u00a0extraer el carb\u00f3n despu\u00e9s de cada uso.<\/p>\n<p>CONTROL MEDIANTE APLICACI\u00d3N M\u00d3VIL<br \/>\nDescarga la aplicaci\u00f3n y utiliza el m\u00f3vil para operar y controlar la caracter\u00edsticas de cocci\u00f3n en tu barbacoa Masterbuilt.\u00a0Ajusta la temperatura y el tiempo de asado o ahumado, controla la temperatura interna de la carne y disfruta del proceso<\/p>\n<p>&nbsp;<\/p>\n<p>&#8211; Base y tapa\u00a0de acero esmaltado<br \/>\n&#8211; 4 ruedas para su f\u00e1cil movimiento<br \/>\n&#8211; Mesa lateral auxiliar<br \/>\n&#8211; Control de la temperatura y del tiempo de cocci\u00f3n\u00a0mediante el panel de control digital de la barbacoa o desde dispositivo m\u00f3vil usando WIFI o Bluetooth<br \/>\n&#8211;\u00a0Term\u00f3metro incorporado en la tapa<br \/>\n&#8211; Sonda de carne para obtener resultados perfectos en todo momento<br \/>\n&#8211; Parrilla de cocci\u00f3n de hiero fundido reversible\u00a0para asar a temperaturas altas o para ahumar lentamente a\u00a0temperaturas bajas<br \/>\n&#8211; 2\u00a0parrillas de calentamiento o para ahumar<br \/>\n&#8211; Capacidad de alcanzar la temperatura de 107\u00b0C en 7 minutos o de 371\u00b0C en 13 minutos<br \/>\n&#8211; Colector de cenizas extra\u00edble<br \/>\n&#8211; Dimensiones: 132,69 cm de alto x 135,6 cm de ancho x 62,6 cm de fondo<br \/>\n&#8211; Peso: 66,66 kg<br \/>\n&#8211; Garant\u00eda: 1 a\u00f1o[\/vc_column_text][\/vc_column][\/vc_row][vc_row][vc_column][vc_video link=\u00bbhttps:\/\/youtu.be\/MsoNHMc9Uto\u00bb align=\u00bbcenter\u00bb][\/vc_column][\/vc_row]<\/p>\n<\/div>","protected":false},"excerpt":{"rendered":"<p>La barbacoa ahumador de carb\u00f3n <strong>Gravity Series 560<\/strong> es el producto estrella de la marca<strong> Masterbuilt<\/strong>. Con la barbacoa ahumador de carb\u00f3n Gravity Series 560 de Masterbuilt puedes asar, hornear ahumar y mucho m\u00e1s. Ajusta la temperatura en el panel de control digital de la barbacoa o en el dispositivo\u00a0m\u00f3vil y DigitalFan \u2122 mantiene la temperatura de cocci\u00f3n deseada.<\/p>\n<p><img loading=\"lazy\" decoding=\"async\" class=\"alignleft size-full wp-image-4400\" src=\"https:\/\/www.pacocinillas.es\/tienda\/wp-content\/uploads\/2020\/09\/ENVIOGRATIS.jpg\" alt=\"\" width=\"200\" height=\"81\" \/><\/p>\n<p>&nbsp;<\/p>\n<p>&nbsp;<\/p>\n<p>&nbsp;<\/p>\n<p><img loading=\"lazy\" decoding=\"async\" class=\"alignleft wp-image-4541 size-medium\" src=\"https:\/\/www.pacocinillas.es\/tienda\/wp-content\/uploads\/2021\/04\/masterbuilt_dealer-300x78.jpg\" alt=\"\" width=\"300\" height=\"78\" srcset=\"https:\/\/www.pacocinillas.es\/tienda\/wp-content\/uploads\/2021\/04\/masterbuilt_dealer-300x78.jpg 300w, https:\/\/www.pacocinillas.es\/tienda\/wp-content\/uploads\/2021\/04\/masterbuilt_dealer.jpg 550w\" sizes=\"auto, (max-width: 300px) 100vw, 300px\" \/><\/p>\n","protected":false},"featured_media":4016,"comment_status":"closed","ping_status":"closed","template":"","meta":[],"product_brand":[],"product_cat":[112],"product_tag":[],"class_list":{"0":"post-4015","1":"product","2":"type-product","3":"status-publish","4":"has-post-thumbnail","6":"product_cat-masterbuilt","8":"first","9":"instock","10":"taxable","11":"shipping-taxable","12":"purchasable","13":"product-type-simple"},"_links":{"self":[{"href":"https:\/\/www.pacocinillas.es\/tienda\/wp-json\/wp\/v2\/product\/4015","targetHints":{"allow":["GET"]}}],"collection":[{"href":"https:\/\/www.pacocinillas.es\/tienda\/wp-json\/wp\/v2\/product"}],"about":[{"href":"https:\/\/www.pacocinillas.es\/tienda\/wp-json\/wp\/v2\/types\/product"}],"replies":[{"embeddable":true,"href":"https:\/\/www.pacocinillas.es\/tienda\/wp-json\/wp\/v2\/comments?post=4015"}],"wp:featuredmedia":[{"embeddable":true,"href":"https:\/\/www.pacocinillas.es\/tienda\/wp-json\/wp\/v2\/media\/4016"}],"wp:attachment":[{"href":"https:\/\/www.pacocinillas.es\/tienda\/wp-json\/wp\/v2\/media?parent=4015"}],"wp:term":[{"taxonomy":"product_brand","embeddable":true,"href":"https:\/\/www.pacocinillas.es\/tienda\/wp-json\/wp\/v2\/product_brand?post=4015"},{"taxonomy":"product_cat","embeddable":true,"href":"https:\/\/www.pacocinillas.es\/tienda\/wp-json\/wp\/v2\/product_cat?post=4015"},{"taxonomy":"product_tag","embeddable":true,"href":"https:\/\/www.pacocinillas.es\/tienda\/wp-json\/wp\/v2\/product_tag?post=4015"}],"curies":[{"name":"wp","href":"https:\/\/api.w.org\/{rel}","templated":true}]}}