{"id":3740,"date":"2020-05-25T00:17:42","date_gmt":"2020-05-24T22:17:42","guid":{"rendered":"https:\/\/www.pacocinillas.es\/tienda\/?post_type=product&#038;p=3740"},"modified":"2026-01-25T21:31:56","modified_gmt":"2026-01-25T19:31:56","slug":"cube-everdure-by-heston-blumenthal","status":"publish","type":"product","link":"https:\/\/www.pacocinillas.es\/tienda\/producto\/cube-everdure-by-heston-blumenthal\/","title":{"rendered":"Barbacoa carb\u00f3n Everdure CUBE"},"content":{"rendered":"<div class=\"wpb-content-wrapper\"><p>[vc_row][vc_column][vc_column_text]<\/p>\n<div id=\"manufacturer-short_description\">\n<ul>\n<li>Port\u00e1til<\/li>\n<li>Cube de porcelana esmaltada<\/li>\n<li>Asas fr\u00edas al tacto<\/li>\n<li>Cubeta de carb\u00f3n removible<\/li>\n<li>Simple, unidad integrada y accesorios<\/li>\n<li>Dos pesta\u00f1as de cierre de seguridad<\/li>\n<li>Disponible en 4 colores estilosos y contempor\u00e1neos.<\/li>\n<\/ul>\n<h4><\/h4>\n<h4>Qui\u00e9n mejor que un chef que inspira a millones de personas para reimaginar la barbacoa.<\/h4>\n<\/div>\n<div id=\"manufacturer-description\" class=\"md-bottom\">\n<p class=\"p1\"><strong>Heston Blumenthal<\/strong>\u00a0es uno de los mejores chefs del\u00a0mundo. Su restaurante de Berkshire,\u00a0<a href=\"http:\/\/www.thefatduck.co.uk\/\" target=\"_blank\" rel=\"noreferrer noopener\"><strong>The Fat Duck<\/strong><\/a>, ha ganado galardones internaciones y ha sido condecorado con 3 estrellas Michelin, adem\u00e1s, el propio Heston ha sido nombrado oficial de la Orden del Imperio Brit\u00e1nico por su Majestad la Reina por los servicios ofrecidos a la Gastronomia Brit\u00e1nica.<\/p>\n<p class=\"p1\">Amigo tanto de la Royal Society of Chemistry, y The\u00a0Royal Academy of Culinary Arts, a Heston nunca le ha gustado seguir el libro al pie de la letra. Impulsando los l\u00edmites de la cocina tradicional, e inyectando la ilusi\u00f3n de los deseos de un ni\u00f1o y el teatro en todo lo que toca, ha inspirado a una generaci\u00f3n que busca el placer, y la diversi\u00f3n en la comida. Ahora, Heston le da su toque m\u00e1gico al disfrute del exterior, haciendo f\u00e1cil para cualquier el cocinar con una barbacoa.<\/p>\n<h5 class=\"p1\"><strong><span class=\"s1\">\u201c<\/span>Durante 20 a\u00f1os he aprendido a c\u00f3mo obtener lo mejor de los ingredientes. Incorporando alguna de mis t\u00e9cnicas favoritas a estos dise\u00f1os, he creado algo que podr\u00edamos llamar una gama de barbacoas 3 estrellas Michelin.\u201d<\/strong><\/h5>\n<\/div>\n<p>[\/vc_column_text][\/vc_column][\/vc_row][vc_row][vc_column][vc_video link=\u00bbhttps:\/\/www.youtube.com\/watch?v=5S9Si65axN8&#8243; align=\u00bbcenter\u00bb][\/vc_column][\/vc_row]<\/p>\n<\/div>","protected":false},"excerpt":{"rendered":"<p>Ahora puede disfrutar de la aut\u00e9ntica cocina con carb\u00f3n port\u00e1til, sin problemas. La barbacoa port\u00e1til CUBE\u00ae est\u00e1 dise\u00f1ada para usarla lejos de casa. Con una bandeja de almacenamiento de comida integrada, tabla para preparar la comida y cubeta de porcelana esmaltada, es f\u00e1cil de guardar, encender, cocinar y limpiar correctamente, mientras que las asas cromadas reducen el calor externo al m\u00ednimo, haciendo f\u00e1cil moverla mientras se cocina.<\/p>\n","protected":false},"featured_media":3743,"comment_status":"closed","ping_status":"closed","template":"","meta":[],"product_brand":[],"product_cat":[107],"product_tag":[],"class_list":{"0":"post-3740","1":"product","2":"type-product","3":"status-publish","4":"has-post-thumbnail","6":"product_cat-everdure","8":"first","9":"instock","10":"sale","11":"taxable","12":"shipping-taxable","13":"purchasable","14":"product-type-simple"},"_links":{"self":[{"href":"https:\/\/www.pacocinillas.es\/tienda\/wp-json\/wp\/v2\/product\/3740","targetHints":{"allow":["GET"]}}],"collection":[{"href":"https:\/\/www.pacocinillas.es\/tienda\/wp-json\/wp\/v2\/product"}],"about":[{"href":"https:\/\/www.pacocinillas.es\/tienda\/wp-json\/wp\/v2\/types\/product"}],"replies":[{"embeddable":true,"href":"https:\/\/www.pacocinillas.es\/tienda\/wp-json\/wp\/v2\/comments?post=3740"}],"wp:featuredmedia":[{"embeddable":true,"href":"https:\/\/www.pacocinillas.es\/tienda\/wp-json\/wp\/v2\/media\/3743"}],"wp:attachment":[{"href":"https:\/\/www.pacocinillas.es\/tienda\/wp-json\/wp\/v2\/media?parent=3740"}],"wp:term":[{"taxonomy":"product_brand","embeddable":true,"href":"https:\/\/www.pacocinillas.es\/tienda\/wp-json\/wp\/v2\/product_brand?post=3740"},{"taxonomy":"product_cat","embeddable":true,"href":"https:\/\/www.pacocinillas.es\/tienda\/wp-json\/wp\/v2\/product_cat?post=3740"},{"taxonomy":"product_tag","embeddable":true,"href":"https:\/\/www.pacocinillas.es\/tienda\/wp-json\/wp\/v2\/product_tag?post=3740"}],"curies":[{"name":"wp","href":"https:\/\/api.w.org\/{rel}","templated":true}]}}