{"id":3634,"date":"2020-05-08T10:52:31","date_gmt":"2020-05-08T08:52:31","guid":{"rendered":"https:\/\/www.pacocinillas.es\/tienda\/?post_type=product&#038;p=3634"},"modified":"2022-02-11T10:18:33","modified_gmt":"2022-02-11T08:18:33","slug":"chunks_de_naranjo","status":"publish","type":"product","link":"https:\/\/www.pacocinillas.es\/tienda\/producto\/chunks_de_naranjo\/","title":{"rendered":"Chunks de naranjo 2,5Kg."},"content":{"rendered":"<div class=\"wpb-content-wrapper\"><p>[vc_row][vc_column][vc_column_text]<\/p>\n<p style=\"font-weight: 400;\">Maridaje perfecto con: pescados, tanto azules como blancos, moluscos y mariscos. Tambi\u00e9n es ideal para verduras, arroces, aves blancas y carnes suaves.<\/p>\n<p style=\"font-weight: 400;\"><strong>Modo de uso:<\/strong> sumerge durante m\u00ednimo 20 minutos en agua los chunks de madera; a continuaci\u00f3n, a\u00f1\u00e1delas sobre el carb\u00f3n incandescente. Se pueden utilizar en barbacoas de gas o el\u00e9ctricas, pero utilizando un ahumador o coloc\u00e1ndolos sobre una bandeja de aluminio previamente perforada.<\/p>\n<p>[\/vc_column_text][\/vc_column][vc_column][\/vc_column][\/vc_row]<\/p>\n<\/div>","protected":false},"excerpt":{"rendered":"<p>Los chunks de naranjo son trozos de madera provenientes de la poda y limpieza de campos de naranjos. Estos trozos se sirven secos, en sacos de 2,5kg.<\/p>\n<p>Estos chunks son ideales para alimentos que deben ser cocinados y ahumados durante un per\u00edodo de tiempo prolongado.<\/p>\n<p>100% natural<br \/>\nFabricado en Espa\u00f1a.<\/p>\n","protected":false},"featured_media":3637,"comment_status":"closed","ping_status":"closed","template":"","meta":[],"product_brand":[],"product_cat":[122],"product_tag":[],"class_list":{"0":"post-3634","1":"product","2":"type-product","3":"status-publish","4":"has-post-thumbnail","6":"product_cat-legua","8":"first","9":"instock","10":"taxable","11":"shipping-taxable","12":"purchasable","13":"product-type-simple"},"_links":{"self":[{"href":"https:\/\/www.pacocinillas.es\/tienda\/wp-json\/wp\/v2\/product\/3634","targetHints":{"allow":["GET"]}}],"collection":[{"href":"https:\/\/www.pacocinillas.es\/tienda\/wp-json\/wp\/v2\/product"}],"about":[{"href":"https:\/\/www.pacocinillas.es\/tienda\/wp-json\/wp\/v2\/types\/product"}],"replies":[{"embeddable":true,"href":"https:\/\/www.pacocinillas.es\/tienda\/wp-json\/wp\/v2\/comments?post=3634"}],"wp:featuredmedia":[{"embeddable":true,"href":"https:\/\/www.pacocinillas.es\/tienda\/wp-json\/wp\/v2\/media\/3637"}],"wp:attachment":[{"href":"https:\/\/www.pacocinillas.es\/tienda\/wp-json\/wp\/v2\/media?parent=3634"}],"wp:term":[{"taxonomy":"product_brand","embeddable":true,"href":"https:\/\/www.pacocinillas.es\/tienda\/wp-json\/wp\/v2\/product_brand?post=3634"},{"taxonomy":"product_cat","embeddable":true,"href":"https:\/\/www.pacocinillas.es\/tienda\/wp-json\/wp\/v2\/product_cat?post=3634"},{"taxonomy":"product_tag","embeddable":true,"href":"https:\/\/www.pacocinillas.es\/tienda\/wp-json\/wp\/v2\/product_tag?post=3634"}],"curies":[{"name":"wp","href":"https:\/\/api.w.org\/{rel}","templated":true}]}}