{"id":3609,"date":"2020-04-29T18:23:19","date_gmt":"2020-04-29T16:23:19","guid":{"rendered":"https:\/\/www.pacocinillas.es\/tienda\/?post_type=product&#038;p=3609"},"modified":"2024-06-19T16:49:54","modified_gmt":"2024-06-19T14:49:54","slug":"looftlighter","status":"publish","type":"product","link":"https:\/\/www.pacocinillas.es\/tienda\/producto\/looftlighter\/","title":{"rendered":"Looftlighter"},"content":{"rendered":"<div class=\"wpb-content-wrapper\"><p>[vc_row][vc_column][vc_video link=\u00bbhttps:\/\/www.youtube.com\/watch?v=a6Tq_goXaDo\u00bb align=\u00bbcenter\u00bb][\/vc_column][\/vc_row][vc_row][vc_column][vc_column_text]Looftlighter es la herramienta para encender el carb\u00f3n m\u00e1s r\u00e1pida que existe, adem\u00e1s de limpia y segura.<\/p>\n<p>No produce gas, ni utiliza ninguna clase de qu\u00edmicos: funciona s\u00f3lo con aire super caliente, que prende el carb\u00f3n\u00a0con rapidez. Si puedes encender tu barbacoa en cinco minutos, \u00bfpor qu\u00e9 esperar m\u00e1s de la cuenta?<\/p>\n<p>Adem\u00e1s, tambi\u00e9n\u00a0puede utilizarse para encender una chimenea de le\u00f1a, tanto fuera como dentro de casa.<\/p>\n<p>Y s\u00ed, viene equipado con un abridor de botellas.<\/p>\n<h4><strong>C\u00f3mo encender una barbacoa de carb\u00f3n con Looftlighter<\/strong><\/h4>\n<p>1. Haz una pila de carb\u00f3n y enciende el Looflighter<\/p>\n<p>2. Toca la pila de carb\u00f3n con la punta del Looftlighter<\/p>\n<p>3. Tira ligeramente hacia atr\u00e1s cuando aparezcan las primeras chispas (unos 60 segundos)<\/p>\n<p>4. Ahora puedes dejar que el carb\u00f3n vaya encendi\u00e9ndose s\u00f3lo, o seguir apuntando hacia el miso lugar, durante unos minutos m\u00e1s.<\/p>\n<h4><strong>C\u00f3mo encender una chimenea con Looflighter<\/strong><\/h4>\n<p>1. Haz una pila de madera, preferiblemente peque\u00f1a y seca. Enciende el Looftlighter<\/p>\n<p>2. Toca la pila de madera con la punta del Looftlighter<\/p>\n<p>3. Tira\u00a0hacia atr\u00e1s cuando aparezcan las primeras llamas<\/p>\n<p>&nbsp;<\/p>\n<p><span style=\"color: #993300;\"><strong>\u00a1Cuidado! El Looftlighter hace arder el cabr\u00f3n y la madera muy r\u00e1pidamente, por eso es importante que lo\u00a0alejes unos cent\u00edmetros cuando aparezcan las primeras chispas\u00a0o llamas. De lo contrario fundir\u00edas el tubo de aluminio, y esto la garant\u00eda no lo cubre.<\/strong><\/span><\/p>\n<p>&nbsp;<\/p>\n<p><strong>Caracter\u00edsticas:<\/strong><\/p>\n<p>&#8211; Potencia 1800 W<\/p>\n<p>&#8211; Parte superior recubierta de aluminio\u00a0que protege de las altas temperaturas<\/p>\n<p>&#8211; 3 metros de cable de alimentaci\u00f3n<\/p>\n<p>&#8211; Abrebotellas incorporado en la base<\/p>\n<p>&#8211; Peso 880 g.<\/p>\n<p>&#8211; Tama\u00f1o 45 x 6,5 x 6,5 cm<\/p>\n<p>&#8211; Garant\u00eda fabricaci\u00f3n 2 a\u00f1os[\/vc_column_text][\/vc_column][\/vc_row]<\/p>\n<\/div>","protected":false},"excerpt":{"rendered":"<p>Enciende el carb\u00f3n en s\u00f3lo 60 segundos con Looftlighter, el encendedor de carb\u00f3n y briquetas m\u00e1s r\u00e1pido, limpio y seguro. No utiliza ni gas, ni qu\u00edmicos: s\u00f3lo aire caliente. Descubre su f\u00e1cil funcionamiento y empieza a disfrutar\u00a0al 100% de la barbacoa al carb\u00f3n.<\/p>\n","protected":false},"featured_media":3613,"comment_status":"closed","ping_status":"closed","template":"","meta":[],"product_brand":[],"product_cat":[72,110],"product_tag":[],"class_list":{"0":"post-3609","1":"product","2":"type-product","3":"status-publish","4":"has-post-thumbnail","6":"product_cat-accesorios","7":"product_cat-looft","9":"first","10":"instock","11":"taxable","12":"shipping-taxable","13":"purchasable","14":"product-type-simple"},"_links":{"self":[{"href":"https:\/\/www.pacocinillas.es\/tienda\/wp-json\/wp\/v2\/product\/3609","targetHints":{"allow":["GET"]}}],"collection":[{"href":"https:\/\/www.pacocinillas.es\/tienda\/wp-json\/wp\/v2\/product"}],"about":[{"href":"https:\/\/www.pacocinillas.es\/tienda\/wp-json\/wp\/v2\/types\/product"}],"replies":[{"embeddable":true,"href":"https:\/\/www.pacocinillas.es\/tienda\/wp-json\/wp\/v2\/comments?post=3609"}],"wp:featuredmedia":[{"embeddable":true,"href":"https:\/\/www.pacocinillas.es\/tienda\/wp-json\/wp\/v2\/media\/3613"}],"wp:attachment":[{"href":"https:\/\/www.pacocinillas.es\/tienda\/wp-json\/wp\/v2\/media?parent=3609"}],"wp:term":[{"taxonomy":"product_brand","embeddable":true,"href":"https:\/\/www.pacocinillas.es\/tienda\/wp-json\/wp\/v2\/product_brand?post=3609"},{"taxonomy":"product_cat","embeddable":true,"href":"https:\/\/www.pacocinillas.es\/tienda\/wp-json\/wp\/v2\/product_cat?post=3609"},{"taxonomy":"product_tag","embeddable":true,"href":"https:\/\/www.pacocinillas.es\/tienda\/wp-json\/wp\/v2\/product_tag?post=3609"}],"curies":[{"name":"wp","href":"https:\/\/api.w.org\/{rel}","templated":true}]}}