{"id":64,"date":"2015-09-23T09:39:26","date_gmt":"2015-09-23T09:39:26","guid":{"rendered":"http:\/\/import.getbowtied.com\/shopkeeper-v1.1\/?page_id=64"},"modified":"2025-12-20T14:18:23","modified_gmt":"2025-12-20T12:18:23","slug":"contacto","status":"publish","type":"page","link":"https:\/\/www.pacocinillas.es\/tienda\/contacto\/","title":{"rendered":"Contacto"},"content":{"rendered":"<div class=\"wpb-content-wrapper\"><p>[vc_row type=\u00bbboxed\u00bb background_style=\u00bbnormal\u00bb css=\u00bb.vc_custom_1415625343421{padding-top: 16% !important;}\u00bb][vc_column width=\u00bb1\/6&#8243;][vc_empty_space height=\u00bb1px\u00bb][\/vc_column][vc_column width=\u00bb2\/3&#8243;][vc_column_text css=\u00bb.vc_custom_1493131431147{margin-bottom: 35px !important;}\u00bb]<\/p>\n<h5 style=\"text-align: center;\"><span style=\"color: #ec7a5c; font-size: 80%;\"><strong>CONTACTA CON NOSOTROS<\/strong><\/span><\/h5>\n<p>[\/vc_column_text][vc_single_image image=\u00bb2280&#8243; alignment=\u00bbcenter\u00bb][vc_column_text css=\u00bb\u00bb]<\/p>\n<h1 style=\"text-align: center;\"><strong>Tienda online.<\/strong><\/h1>\n<p style=\"text-align: center;\">Presencial solo cursos y experiencias.<\/p>\n<p style=\"text-align: center;\"><strong>*La Pacocinillas Grilling School solo permanece abierta p\u00fablico los d\u00edas de actividad programada, curso o demostraci\u00f3n.<\/strong><\/p>\n<p>[\/vc_column_text][\/vc_column][vc_column width=\u00bb1\/6&#8243;][\/vc_column][\/vc_row][vc_row background_style=\u00bbnormal\u00bb css=\u00bb.vc_custom_1449671795010{padding-top: 20px !important;}\u00bb][vc_column][vc_row_inner css=\u00bb.vc_custom_1410366573154{margin-right: 47% !important;margin-left: 47% !important;border-top-width: 3px !important;border-top-color: #ec7a5c !important;border-top-style: solid !important;}\u00bb][vc_column_inner][\/vc_column_inner][\/vc_row_inner][\/vc_column][\/vc_row][vc_row type=\u00bbboxed\u00bb background_style=\u00bbnormal\u00bb css=\u00bb.vc_custom_1413288377606{padding-bottom: 85px !important;}\u00bb][vc_column width=\u00bb1\/6&#8243; css=\u00bb.vc_custom_1410274449864{padding-top: 3% !important;}\u00bb][\/vc_column][vc_column width=\u00bb1\/6&#8243;][\/vc_column][vc_column width=\u00bb2\/3&#8243;][vc_column_text css=\u00bb.vc_custom_1493131870036{margin-top: 10px !important;margin-bottom: 0px !important;}\u00bb]<\/p>\n<p style=\"text-align: center;\"><span style=\"color: #808080;\">Situada en la localidad de Riba-roja de T\u00faria\u00a0se encuentra la Pacocinillas Grilling School<\/span><\/p>\n<p>[\/vc_column_text][\/vc_column][\/vc_row][vc_row type=\u00bbboxed\u00bb background_style=\u00bbnormal\u00bb css=\u00bb.vc_custom_1413287083667{margin-bottom: 100px !important;}\u00bb][vc_column][vc_row_inner css=\u00bb.vc_custom_1464866441890{margin-bottom: 60px !important;}\u00bb][vc_column_inner][vc_gmaps link=\u00bb#E-8_JTNDaWZyYW1lJTIwc3JjJTNEJTIyaHR0cHMlM0ElMkYlMkZ3d3cuZ29vZ2xlLmNvbSUyRm1hcHMlMkZlbWJlZCUzRnBiJTNEJTIxMW0xOCUyMTFtMTIlMjExbTMlMjExZDMwNzguNDcxMzE4NTE1NzI0OCUyMTJkLTAuNTY0NjgwNjgzODYzMTU1JTIxM2QzOS41MDM4NTA5Nzk0ODE3MjYlMjEybTMlMjExZjAlMjEyZjAlMjEzZjAlMjEzbTIlMjExaTEwMjQlMjEyaTc2OCUyMTRmMTMuMSUyMTNtMyUyMTFtMiUyMTFzMHhkNjA1OGU3NmNjOWEyNzclMjUzQTB4MjkwZTEyM2Q2MzU1YzQxNiUyMTJzUEFDT0NJTklMTEFTJTIxNWUwJTIxM20yJTIxMXNlcyUyMTJzZXMlMjE0djE0OTMxMzExNDc1MzIlMjIlMjB3aWR0aCUzRCUyMjYwMCUyMiUyMGhlaWdodCUzRCUyMjQ1MCUyMiUyMGZyYW1lYm9yZGVyJTNEJTIyMCUyMiUyMHN0eWxlJTNEJTIyYm9yZGVyJTNBMCUyMiUyMGFsbG93ZnVsbHNjcmVlbiUzRSUzQyUyRmlmcmFtZSUzRQ==\u00bb][\/vc_column_inner][\/vc_row_inner][vc_row_inner type=\u00bbboxed\u00bb][vc_column_inner][vc_column_text css=\u00bb.vc_custom_1766233088577{margin-top: 0px !important;margin-bottom: 0px !important;}\u00bb]<\/p>\n<p style=\"text-align: center;\"><span style=\"color: #808080;\"><br \/>\nRiba-roja de Turia<br \/>\n<span style=\"color: #808080;\">Valencia (Espa\u00f1a)<br \/>\nT: +34 963713563 E: info@pacocinillas.es<\/span><\/span><\/p>\n<p>[\/vc_column_text][\/vc_column_inner][\/vc_row_inner][\/vc_column][\/vc_row]<\/p>\n<\/div>","protected":false},"excerpt":{"rendered":"<p>[vc_row type=\u00bbboxed\u00bb background_style=\u00bbnormal\u00bb css=\u00bb.vc_custom_1415625343421{padding-top: 16% !important;}\u00bb][vc_column width=\u00bb1\/6&#8243;][vc_empty_space height=\u00bb1px\u00bb][\/vc_column][vc_column width=\u00bb2\/3&#8243;][vc_column_text css=\u00bb.vc_custom_1493131431147{margin-bottom: 35px !important;}\u00bb] CONTACTA CON NOSOTROS [\/vc_column_text][vc_single_image image=\u00bb2280&#8243; alignment=\u00bbcenter\u00bb][vc_column_text css=\u00bb\u00bb] Tienda online. Presencial solo cursos y experiencias. *La Pacocinillas Grilling School solo permanece abierta p\u00fablico los d\u00edas de actividad programada, curso o demostraci\u00f3n. [\/vc_column_text][\/vc_column][vc_column width=\u00bb1\/6&#8243;][\/vc_column][\/vc_row][vc_row background_style=\u00bbnormal\u00bb css=\u00bb.vc_custom_1449671795010{padding-top: 20px !important;}\u00bb][vc_column][vc_row_inner css=\u00bb.vc_custom_1410366573154{margin-right: 47% !important;margin-left: 47% !important;border-top-width: 3px !important;border-top-color: [&hellip;]<\/p>\n","protected":false},"author":1,"featured_media":0,"parent":0,"menu_order":0,"comment_status":"closed","ping_status":"closed","template":"page-full-width.php","meta":{"footnotes":""},"class_list":["post-64","page","type-page","status-publish","hentry"],"_links":{"self":[{"href":"https:\/\/www.pacocinillas.es\/tienda\/wp-json\/wp\/v2\/pages\/64","targetHints":{"allow":["GET"]}}],"collection":[{"href":"https:\/\/www.pacocinillas.es\/tienda\/wp-json\/wp\/v2\/pages"}],"about":[{"href":"https:\/\/www.pacocinillas.es\/tienda\/wp-json\/wp\/v2\/types\/page"}],"author":[{"embeddable":true,"href":"https:\/\/www.pacocinillas.es\/tienda\/wp-json\/wp\/v2\/users\/1"}],"replies":[{"embeddable":true,"href":"https:\/\/www.pacocinillas.es\/tienda\/wp-json\/wp\/v2\/comments?post=64"}],"version-history":[{"count":0,"href":"https:\/\/www.pacocinillas.es\/tienda\/wp-json\/wp\/v2\/pages\/64\/revisions"}],"wp:attachment":[{"href":"https:\/\/www.pacocinillas.es\/tienda\/wp-json\/wp\/v2\/media?parent=64"}],"curies":[{"name":"wp","href":"https:\/\/api.w.org\/{rel}","templated":true}]}}